{"id":7952,"date":"2021-08-14T09:23:46","date_gmt":"2021-08-14T09:23:46","guid":{"rendered":"http:\/\/milanosiamonoi.com\/?page_id=7952"},"modified":"2021-10-23T18:24:59","modified_gmt":"2021-10-23T18:24:59","slug":"1951-1952-amatori-mi-e-bocconi","status":"publish","type":"page","link":"https:\/\/www.milanosiamonoi.com\/index.php\/campionati\/dal-1950-al-1959-anni-doro\/1951-1952-amatori-mi-e-bocconi\/","title":{"rendered":"1951\/1952 Amatori Mi e Bocconi"},"content":{"rendered":"\n<div class=\"wp-block-image\"><figure class=\"aligncenter size-large\"><img loading=\"lazy\" decoding=\"async\" width=\"300\" height=\"300\" src=\"https:\/\/www.milanosiamonoi.com\/wp-content\/uploads\/2021\/04\/logo-amatoriok-300x300-1.jpg\" alt=\"\" class=\"wp-image-6245\" srcset=\"https:\/\/www.milanosiamonoi.com\/wp-content\/uploads\/2021\/04\/logo-amatoriok-300x300-1.jpg 300w, https:\/\/www.milanosiamonoi.com\/wp-content\/uploads\/2021\/04\/logo-amatoriok-300x300-1-150x150.jpg 150w, https:\/\/www.milanosiamonoi.com\/wp-content\/uploads\/2021\/04\/logo-amatoriok-300x300-1-100x100.jpg 100w, https:\/\/www.milanosiamonoi.com\/wp-content\/uploads\/2021\/04\/logo-amatoriok-300x300-1-50x50.jpg 50w, https:\/\/www.milanosiamonoi.com\/wp-content\/uploads\/2021\/04\/logo-amatoriok-300x300-1-25x25.jpg 25w, https:\/\/www.milanosiamonoi.com\/wp-content\/uploads\/2021\/04\/logo-amatoriok-300x300-1-90x90.jpg 90w\" sizes=\"(max-width: 300px) 100vw, 300px\" \/><\/figure><\/div>\n\n\n\n<p class=\"has-text-align-center\">Il costo per ingaggiare due giocatori stranieri porta la formazione gialloblu a rinunciare alla serie A. Oltre al campionato di serie B programmate diverse amichevoli, sia in Italia che all&#8217;estero. Il nucleo dirigenziale formato dagli appassionati veterani ha in Floriano Mainoldi il massimo esponente. Carlassare, Sommariva e Signorini ai vertici della commissione tecnica, il primo si occuper\u00e0 anche dei giovanissimi. Nel torneo cadetto la rosa comprender\u00e0 gli anziani e i giovani pi\u00f9 preparati. In attacco tutta la fiducia riposta sul giovanissimo Ernesto &#8220;Tino&#8221; Crotti, vera punta di diamante del club. Segurini, altra speranza in erba, ha lasciato l&#8217;hockey ed Emilio Delfino giocher\u00e0 con i Diavoli Rossoneri.<\/p>\n\n\n\n<figure class=\"wp-block-table\"><table><tbody><tr><td class=\"has-text-align-center\" data-align=\"center\">Ruolo<\/td><td><strong>Giocatori con almeno una presenza in prima squadra.<\/strong><\/td><\/tr><tr><td class=\"has-text-align-center\" data-align=\"center\">P<\/td><td>Bissanti.<\/td><\/tr><tr><td class=\"has-text-align-center\" data-align=\"center\">D<\/td><td>Franco Carlassare, Longoni, Gilberto Nardi, Tranquillo Rossi.<\/td><\/tr><tr><td class=\"has-text-align-center\" data-align=\"center\">A<\/td><td>Giorgio Brambilla, Cavallaro, Ernesto Crotti, Giacomo Levi, Salvatore Guccione, Carlo Signorini, Pier Paolo Sommariva, Mario Tirelli.<\/td><\/tr><tr><td class=\"has-text-align-center\" data-align=\"center\">Rinforzi<\/td><td>Giancarlo Agazzi, Milan Matous (Milano Inter), Gianpiero Branduardi (Bocconi).<\/td><\/tr><\/tbody><\/table><\/figure>\n\n\n\n<p class=\"has-text-align-center\">Le prime partite di cui si ha notizia da &#8220;La Gazzetta dello Sport&#8221; giungono a fine dicembre. Per la trasferta nel Canton Vallese l&#8217;Amatori fruisce da parte dell&#8217;HC Bocconi del prestito di Gianpiero Branduardi, altra giovanissima speranza dell&#8217;hockey milanese.<\/p>\n\n\n\n<figure class=\"wp-block-table\"><table><tbody><tr><td><strong>Partite amichevoli.<\/strong><\/td><\/tr><tr><td>Briga, 29 dicembre 1951. Briga-Amatori Milano 10-6<\/td><\/tr><tr><td>Zermatt, 30 dicembre 1951: Zermatt-Amatori Milano 2-7<\/td><\/tr><tr><td>Amatori MI: Bissanti; T. Rossi, Carlassare; Longoni, Sommariva; Crotti, Levi, Branduardi; Nardi, Signorini, Guccione; Brambilla.<\/td><\/tr><\/tbody><\/table><\/figure>\n\n\n\n<p class=\"has-text-align-center\">Al campionato di serie B si iscrivono sette squadre, vengono formati due gironi in base alla vicinanza geografica. Le prime in classifica si qualificano per la finale da disputarsi in gara unica.<\/p>\n\n\n\n<figure class=\"wp-block-table\"><table><tbody><tr><td><strong>Campionato di serie B 1951\/52<\/strong>.<\/td><\/tr><tr><td>Girone A: Amatori Milano, Bocconi, Torino.<\/td><\/tr><tr><td>Girone B: SC Merano, Renon, Sasslong Santa Cristina Val Gardena. Vipiteno.<\/td><\/tr><\/tbody><\/table><\/figure>\n\n\n\n<p class=\"has-text-align-center\">Il girone A registra la defezione dell&#8217;HC Torino. Il Palazzo del ghiaccio di Torino-Esposizioni \u00e8 stato inaugurato in novembre, ma nessuno ha pensato alle indispensabili attrezzature che consentano lo svolgimento di partite di hockey! Il club torinese, memore delle esperienze del recente passato, decide di non partecipare e chiede a Federazione e CONI di intervenire per risolvere una volta per tutte il problema. Amatori e Bocconi giocano il primo derby il 16 gennaio 1952.<\/p>\n\n\n\n<div class=\"wp-block-image\"><figure class=\"aligncenter size-large is-resized\"><img loading=\"lazy\" decoding=\"async\" src=\"https:\/\/www.milanosiamonoi.com\/wp-content\/uploads\/2021\/06\/52.01.16-Am-Bocc-10-0-serie-B.jpg\" alt=\"\" class=\"wp-image-7948\" width=\"434\" height=\"448\" srcset=\"https:\/\/www.milanosiamonoi.com\/wp-content\/uploads\/2021\/06\/52.01.16-Am-Bocc-10-0-serie-B.jpg 482w, https:\/\/www.milanosiamonoi.com\/wp-content\/uploads\/2021\/06\/52.01.16-Am-Bocc-10-0-serie-B-290x300.jpg 290w, https:\/\/www.milanosiamonoi.com\/wp-content\/uploads\/2021\/06\/52.01.16-Am-Bocc-10-0-serie-B-97x100.jpg 97w, https:\/\/www.milanosiamonoi.com\/wp-content\/uploads\/2021\/06\/52.01.16-Am-Bocc-10-0-serie-B-48x50.jpg 48w, https:\/\/www.milanosiamonoi.com\/wp-content\/uploads\/2021\/06\/52.01.16-Am-Bocc-10-0-serie-B-25x25.jpg 25w\" sizes=\"(max-width: 434px) 100vw, 434px\" \/><figcaption><em>Articolo da &#8220;La Gazzetta dello Sport&#8221;<\/em><\/figcaption><\/figure><\/div>\n\n\n\n<p class=\"has-text-align-center\">Mancando avversari a portata di mano e non accontentandosi di respirare solo l&#8217;aria degli allenamenti, si misurano le proprie forze ad Alleghe che \u00e8 sempre una squadra di serie A.<\/p>\n\n\n\n<div class=\"wp-block-image\"><figure class=\"aligncenter size-large\"><img loading=\"lazy\" decoding=\"async\" width=\"636\" height=\"363\" src=\"https:\/\/www.milanosiamonoi.com\/wp-content\/uploads\/2021\/06\/52.01.17-Alle-AmM-5-0-sist..jpg\" alt=\"\" class=\"wp-image-7949\" srcset=\"https:\/\/www.milanosiamonoi.com\/wp-content\/uploads\/2021\/06\/52.01.17-Alle-AmM-5-0-sist..jpg 636w, https:\/\/www.milanosiamonoi.com\/wp-content\/uploads\/2021\/06\/52.01.17-Alle-AmM-5-0-sist.-300x171.jpg 300w, https:\/\/www.milanosiamonoi.com\/wp-content\/uploads\/2021\/06\/52.01.17-Alle-AmM-5-0-sist.-100x57.jpg 100w, https:\/\/www.milanosiamonoi.com\/wp-content\/uploads\/2021\/06\/52.01.17-Alle-AmM-5-0-sist.-50x29.jpg 50w, https:\/\/www.milanosiamonoi.com\/wp-content\/uploads\/2021\/06\/52.01.17-Alle-AmM-5-0-sist.-25x14.jpg 25w\" sizes=\"(max-width: 636px) 100vw, 636px\" \/><figcaption>Articolo da &#8220;La Gazzetta dello Sport&#8221;.<\/figcaption><\/figure><\/div>\n\n\n\n<p class=\"has-text-align-center\">A una settimana di distanza dal match di Alleghe altra trasferta lacustre, questa volta la destinazione \u00e8 il lago Maggiore. L&#8217;avversario \u00e8 l&#8217;Ascona, squadra delle leghe minori svizzere. Giancarlo Agazzi si unisce al gruppo in qualit\u00e0 di rinforzo.<\/p>\n\n\n\n<figure class=\"wp-block-table\"><table><tbody><tr><td><strong>Ascona, 26 gennaio 1952 &#8211; Partita amichevole.<\/strong><\/td><\/tr><tr><td>Ascona-Amatori Milano 0-5 (0-2; 0-1; 0-2)<\/td><\/tr><tr><td>Amatori MI: Bissanti; T. Rossi, Longoni; Carlassare, Nardi; Signorini, Agazzi, Brambilla; Levi, Crotti, Sommariva.<\/td><\/tr><tr><td>Reti: Agazzi 2, Carlo Signorini, Crotti, Levi.<\/td><\/tr><\/tbody><\/table><\/figure>\n\n\n\n<p class=\"has-text-align-center\">Salto di circa un mese senza significative notizie, secondo derby di campionato con la Bocconi.<\/p>\n\n\n\n<div class=\"wp-block-image\"><figure class=\"aligncenter size-large\"><img loading=\"lazy\" decoding=\"async\" width=\"281\" height=\"356\" src=\"https:\/\/www.milanosiamonoi.com\/wp-content\/uploads\/2021\/06\/52.02.20-B-AmM-Bocc-5-2-1.jpg\" alt=\"\" class=\"wp-image-7984\" srcset=\"https:\/\/www.milanosiamonoi.com\/wp-content\/uploads\/2021\/06\/52.02.20-B-AmM-Bocc-5-2-1.jpg 281w, https:\/\/www.milanosiamonoi.com\/wp-content\/uploads\/2021\/06\/52.02.20-B-AmM-Bocc-5-2-1-237x300.jpg 237w, https:\/\/www.milanosiamonoi.com\/wp-content\/uploads\/2021\/06\/52.02.20-B-AmM-Bocc-5-2-1-79x100.jpg 79w, https:\/\/www.milanosiamonoi.com\/wp-content\/uploads\/2021\/06\/52.02.20-B-AmM-Bocc-5-2-1-39x50.jpg 39w, https:\/\/www.milanosiamonoi.com\/wp-content\/uploads\/2021\/06\/52.02.20-B-AmM-Bocc-5-2-1-20x25.jpg 20w\" sizes=\"(max-width: 281px) 100vw, 281px\" \/><figcaption><em>Articolo da &#8220;La Gazzetta dello Sport&#8221;.<\/em><\/figcaption><\/figure><\/div>\n\n\n\n<p class=\"has-text-align-center\">Della finale di serie B tra Sasslong e Amatori Milano annuari recenti riportano la vittoria della formazione gardenese. Purtroppo le ricerche inerenti questa partita sono risultate infruttuose. L&#8217;Amatori chiude la stagione a met\u00e0 marzo affrontando in Cadore l&#8217;Auronzo, terzo classificato in serie A.<\/p>\n\n\n\n<div class=\"wp-block-image\"><figure class=\"aligncenter size-large\"><img loading=\"lazy\" decoding=\"async\" width=\"455\" height=\"342\" src=\"https:\/\/www.milanosiamonoi.com\/wp-content\/uploads\/2021\/06\/52.03.17-Au-Ama-7-2-radr-1.jpg\" alt=\"\" class=\"wp-image-7985\" srcset=\"https:\/\/www.milanosiamonoi.com\/wp-content\/uploads\/2021\/06\/52.03.17-Au-Ama-7-2-radr-1.jpg 455w, https:\/\/www.milanosiamonoi.com\/wp-content\/uploads\/2021\/06\/52.03.17-Au-Ama-7-2-radr-1-300x225.jpg 300w, https:\/\/www.milanosiamonoi.com\/wp-content\/uploads\/2021\/06\/52.03.17-Au-Ama-7-2-radr-1-100x75.jpg 100w, https:\/\/www.milanosiamonoi.com\/wp-content\/uploads\/2021\/06\/52.03.17-Au-Ama-7-2-radr-1-50x38.jpg 50w, https:\/\/www.milanosiamonoi.com\/wp-content\/uploads\/2021\/06\/52.03.17-Au-Ama-7-2-radr-1-25x19.jpg 25w\" sizes=\"(max-width: 455px) 100vw, 455px\" \/><figcaption><em>Articolo da &#8220;La Gazzetta dello Sport&#8221;.<\/em><\/figcaption><\/figure><\/div>\n\n\n\n<p class=\"has-text-align-center\">Nonostante il secondo posto nel campionato cadetto la stagione ha avuto chiari risvolti positivi, su tutti spiccano le magnifiche prestazioni di Crotti, coronate dall&#8217;esordio in Nazionale. L&#8217;Italia gioca nove partite e il giovane Tino, oltre a essere sempre presente, realizza anche tre reti. In prima squadra si affacciano Gilberto Nardi e Salvatore &#8220;Toto&#8221; Guccione: anche di loro si sentir\u00e0 parlare in futuro.<\/p>\n\n\n\n<div class=\"wp-block-image\"><figure class=\"aligncenter size-large\"><img loading=\"lazy\" decoding=\"async\" width=\"300\" height=\"300\" src=\"https:\/\/www.milanosiamonoi.com\/wp-content\/uploads\/2021\/04\/logo-bocconi-300x300-1.jpg\" alt=\"\" class=\"wp-image-6329\" srcset=\"https:\/\/www.milanosiamonoi.com\/wp-content\/uploads\/2021\/04\/logo-bocconi-300x300-1.jpg 300w, https:\/\/www.milanosiamonoi.com\/wp-content\/uploads\/2021\/04\/logo-bocconi-300x300-1-150x150.jpg 150w, https:\/\/www.milanosiamonoi.com\/wp-content\/uploads\/2021\/04\/logo-bocconi-300x300-1-100x100.jpg 100w, https:\/\/www.milanosiamonoi.com\/wp-content\/uploads\/2021\/04\/logo-bocconi-300x300-1-50x50.jpg 50w, https:\/\/www.milanosiamonoi.com\/wp-content\/uploads\/2021\/04\/logo-bocconi-300x300-1-25x25.jpg 25w, https:\/\/www.milanosiamonoi.com\/wp-content\/uploads\/2021\/04\/logo-bocconi-300x300-1-90x90.jpg 90w\" sizes=\"(max-width: 300px) 100vw, 300px\" \/><\/figure><\/div>\n\n\n\n<figure class=\"wp-block-table\"><table><tbody><tr><td class=\"has-text-align-center\" data-align=\"center\">Ruolo<\/td><td><strong>Giocatori con almeno una presenza in prima squadra.<\/strong><\/td><\/tr><tr><td class=\"has-text-align-center\" data-align=\"center\">P<\/td><td>Giuseppe Brenna, Chierici.<\/td><\/tr><tr><td class=\"has-text-align-center\" data-align=\"center\">D<\/td><td>Guido Coppini (C), Rizzi, Enzo Seveso, Sironi.<\/td><\/tr><tr><td class=\"has-text-align-center\" data-align=\"center\">A<\/td><td>Gianpiero Branduardi, Giorgio Castiglioni, Hang, Paolo Steffenini, Alfio Tuzzi, Vallicelli.<\/td><\/tr><\/tbody><\/table><\/figure>\n\n\n\n<p class=\"has-text-align-center\">Confermata la partecipazione al campionato cadetto, con il ritiro del Torino limitato alle due partite con l&#8217;Amatori Milano. La squadra \u00e8 inferiore ai cugini dell&#8217;Amatori, ma con un vivaio sempre pi\u00f9 numeroso l&#8217;augurio \u00e8 che le cose possano migliorare.<\/p>\n\n\n\n<figure class=\"wp-block-table aligncenter\"><table><tbody><tr><td><strong>Milano, 16 gennaio 1952 &#8211; Campionato serie B &#8211; Girone A <\/strong><\/td><\/tr><tr><td>Amatori Milano-Bocconi 10-0 (3-0; 1-0; 6-0)<\/td><\/tr><\/tbody><\/table><\/figure>\n\n\n\n<p class=\"has-text-align-center\">I bocconiani hanno lo stesso problema degli amatorini: trovare avversari con cui confrontarsi. All&#8217;inizio di febbraio in viaggio verso la Val Gardena e impegnativa amichevole con il Sasslong, futuro finalista e vincitore del campionato di serie B che in questa occasione schiera Giuseppe Timpano, campione d&#8217;Italia con il Milano nel 1937 e l&#8217;austriaco Willy Seidler.<\/p>\n\n\n\n<figure class=\"wp-block-table\"><table><tbody><tr><td><strong>Selva Val Gardena, 5 febbraio 1952 &#8211; Partita amichevole.<\/strong><\/td><\/tr><tr><td>Sasslong-Bocconi 9-2 (2-0; 4-1; 3-1)<\/td><\/tr><tr><td>Sasslong. Tessari; Vinatzer, Timpano; Seidler, Kerschbaumer, Senoner; Insam, Peskoller, Duml; Schmalzl.<\/td><\/tr><tr><td>Bocconi: Chierici; Coppini, Rizzi; Seveso, Sironi; Hang, Branduardi, Steffenini; Tuzzi, G. Castiglioni, Vallicelli.<\/td><\/tr><tr><td>Reti: 1\u00b0t. <em>3&#8242; Schmalzl, 20&#8242; Duml.<\/em> 2\u00b0t. <em>2&#8242; Duml, 3&#8242; Schmalzl, <\/em>9&#8242; Hang, <em>13&#8242; Schmalzl, 18&#8242; Seidler.<\/em> 3\u00b0t. 3&#8242; Steffenini, 12&#8242; Duml, 16&#8242; Seidler, 16&#8242; Schmalzl.<\/td><\/tr><tr><td>Arbitro: Julius Demetz.<\/td><\/tr><\/tbody><\/table><\/figure>\n\n\n\n<div class=\"wp-block-image\"><figure class=\"aligncenter size-large\"><img loading=\"lazy\" decoding=\"async\" width=\"281\" height=\"356\" src=\"https:\/\/www.milanosiamonoi.com\/wp-content\/uploads\/2021\/06\/52.02.20-B-AmM-Bocc-5-2-1.jpg\" alt=\"\" class=\"wp-image-7984\" srcset=\"https:\/\/www.milanosiamonoi.com\/wp-content\/uploads\/2021\/06\/52.02.20-B-AmM-Bocc-5-2-1.jpg 281w, https:\/\/www.milanosiamonoi.com\/wp-content\/uploads\/2021\/06\/52.02.20-B-AmM-Bocc-5-2-1-237x300.jpg 237w, https:\/\/www.milanosiamonoi.com\/wp-content\/uploads\/2021\/06\/52.02.20-B-AmM-Bocc-5-2-1-79x100.jpg 79w, https:\/\/www.milanosiamonoi.com\/wp-content\/uploads\/2021\/06\/52.02.20-B-AmM-Bocc-5-2-1-39x50.jpg 39w, https:\/\/www.milanosiamonoi.com\/wp-content\/uploads\/2021\/06\/52.02.20-B-AmM-Bocc-5-2-1-20x25.jpg 20w\" sizes=\"(max-width: 281px) 100vw, 281px\" \/><figcaption><em>Articolo da &#8220;La Gazzetta dello Sport&#8221;.<\/em><\/figcaption><\/figure><\/div>\n\n\n\n<p class=\"has-text-align-center\">In chiusura di stagione derby &#8220;ragazzi&#8221; con i Diavoli Rossoneri, ma il ghiaccio vuole andare in vacanza in anticipo e la partita viene interrotta.<\/p>\n\n\n\n<div class=\"wp-block-image\"><figure class=\"aligncenter size-large\"><img loading=\"lazy\" decoding=\"async\" width=\"402\" height=\"330\" src=\"https:\/\/www.milanosiamonoi.com\/wp-content\/uploads\/2021\/06\/52.03.20-Bocc-Drn-B-4-3.jpg\" alt=\"\" class=\"wp-image-8009\" srcset=\"https:\/\/www.milanosiamonoi.com\/wp-content\/uploads\/2021\/06\/52.03.20-Bocc-Drn-B-4-3.jpg 402w, https:\/\/www.milanosiamonoi.com\/wp-content\/uploads\/2021\/06\/52.03.20-Bocc-Drn-B-4-3-300x246.jpg 300w, https:\/\/www.milanosiamonoi.com\/wp-content\/uploads\/2021\/06\/52.03.20-Bocc-Drn-B-4-3-100x82.jpg 100w, https:\/\/www.milanosiamonoi.com\/wp-content\/uploads\/2021\/06\/52.03.20-Bocc-Drn-B-4-3-50x41.jpg 50w, https:\/\/www.milanosiamonoi.com\/wp-content\/uploads\/2021\/06\/52.03.20-Bocc-Drn-B-4-3-25x21.jpg 25w\" sizes=\"(max-width: 402px) 100vw, 402px\" \/><figcaption><em>Articolo da &#8220;La Gazzetta della Sport&#8221;.<\/em><\/figcaption><\/figure><\/div>\n\n\n\n<p class=\"has-text-align-center\">La stella \u00e8 Gianpiero Branduardi. Nel corso della stagione \u00e8 stato prestato all&#8217;Amatori Milano per diverse amichevoli, quella della Bocconi per lui \u00e8 una maglia diventata troppo stretta, il suo passaggio al Milano Inter per la stagione a venire \u00e8 praticamente inevitabile.<\/p>\n\n\n\n<p> <\/p>\n\n\n\n<figure class=\"wp-block-table\"><table><tbody><tr><td><strong><a href=\"https:\/\/www.milanosiamonoi.com\/index.php\/campionati\/dal-1950-al-1959-anni-doro\/1950-1951-amatori-mi-e-bocconi\/\">stagione precedente<\/a><\/strong><\/td><td class=\"has-text-align-right\" data-align=\"right\"><strong><a href=\"https:\/\/www.milanosiamonoi.com\/index.php\/campionati\/dal-1950-al-1959-anni-doro\/1952-1953-amatori-mi-e-bocconi\/\">stagione successiva<\/a><\/strong><\/td><\/tr><\/tbody><\/table><\/figure>\n\n\n\n<figure class=\"wp-block-table\"><table><tbody><tr><td class=\"has-text-align-center\" data-align=\"center\"><strong><a href=\"https:\/\/www.milanosiamonoi.com\/index.php\/campionati\/dal-1950-al-1959-anni-doro\/1951-1952\/\">Hockey Club Milano<\/a><\/strong><\/td><\/tr><\/tbody><\/table><\/figure>\n\n\n\n<figure class=\"wp-block-table\"><table><tbody><tr><td class=\"has-text-align-center\" data-align=\"center\"><strong><a href=\"https:\/\/www.milanosiamonoi.com\/index.php\/campionati\/dal-1950-al-1959-anni-doro\/1951-1952-drn\/\">Diavoli Rossoneri<\/a><\/strong><\/td><\/tr><\/tbody><\/table><\/figure>\n\n\n\n<p>  <\/p>\n","protected":false},"excerpt":{"rendered":"<p>Il costo per ingaggiare due giocatori stranieri porta la formazione gialloblu a rinunciare alla serie A. Oltre al campionato di serie B programmate diverse amichevoli,&#8230;<\/p>\n","protected":false},"author":2,"featured_media":0,"parent":1469,"menu_order":8,"comment_status":"closed","ping_status":"closed","template":"","meta":{"spay_email":"","footnotes":""},"_links":{"self":[{"href":"https:\/\/www.milanosiamonoi.com\/index.php\/wp-json\/wp\/v2\/pages\/7952"}],"collection":[{"href":"https:\/\/www.milanosiamonoi.com\/index.php\/wp-json\/wp\/v2\/pages"}],"about":[{"href":"https:\/\/www.milanosiamonoi.com\/index.php\/wp-json\/wp\/v2\/types\/page"}],"author":[{"embeddable":true,"href":"https:\/\/www.milanosiamonoi.com\/index.php\/wp-json\/wp\/v2\/users\/2"}],"replies":[{"embeddable":true,"href":"https:\/\/www.milanosiamonoi.com\/index.php\/wp-json\/wp\/v2\/comments?post=7952"}],"version-history":[{"count":62,"href":"https:\/\/www.milanosiamonoi.com\/index.php\/wp-json\/wp\/v2\/pages\/7952\/revisions"}],"predecessor-version":[{"id":11100,"href":"https:\/\/www.milanosiamonoi.com\/index.php\/wp-json\/wp\/v2\/pages\/7952\/revisions\/11100"}],"up":[{"embeddable":true,"href":"https:\/\/www.milanosiamonoi.com\/index.php\/wp-json\/wp\/v2\/pages\/1469"}],"wp:attachment":[{"href":"https:\/\/www.milanosiamonoi.com\/index.php\/wp-json\/wp\/v2\/media?parent=7952"}],"curies":[{"name":"wp","href":"https:\/\/api.w.org\/{rel}","templated":true}]}}