{"id":6280,"date":"2021-05-03T19:28:22","date_gmt":"2021-05-03T19:28:22","guid":{"rendered":"http:\/\/milanosiamonoi.com\/?page_id=6280"},"modified":"2025-03-20T16:27:00","modified_gmt":"2025-03-20T16:27:00","slug":"1948-1949","status":"publish","type":"page","link":"https:\/\/www.milanosiamonoi.com\/index.php\/campionati\/dal-1946-al-1949-la-ripartenza\/1948-1949\/","title":{"rendered":"1948\/1949 HC Milano"},"content":{"rendered":"\n<div class=\"wp-block-image\"><figure class=\"aligncenter size-large\"><img loading=\"lazy\" decoding=\"async\" width=\"300\" height=\"300\" src=\"https:\/\/www.milanosiamonoi.com\/wp-content\/uploads\/2021\/03\/logo-milano48b.jpg\" alt=\"\" class=\"wp-image-5588\" srcset=\"https:\/\/www.milanosiamonoi.com\/wp-content\/uploads\/2021\/03\/logo-milano48b.jpg 300w, https:\/\/www.milanosiamonoi.com\/wp-content\/uploads\/2021\/03\/logo-milano48b-150x150.jpg 150w, https:\/\/www.milanosiamonoi.com\/wp-content\/uploads\/2021\/03\/logo-milano48b-100x100.jpg 100w, https:\/\/www.milanosiamonoi.com\/wp-content\/uploads\/2021\/03\/logo-milano48b-50x50.jpg 50w, https:\/\/www.milanosiamonoi.com\/wp-content\/uploads\/2021\/03\/logo-milano48b-25x25.jpg 25w, https:\/\/www.milanosiamonoi.com\/wp-content\/uploads\/2021\/03\/logo-milano48b-90x90.jpg 90w\" sizes=\"(max-width: 300px) 100vw, 300px\" \/><\/figure><\/div>\n\n\n\n<figure class=\"wp-block-table aligncenter\"><table><tbody><tr><td>Presidente<\/td><td>Arnaldo Fabris<\/td><\/tr><tr><td>Allenatore<\/td><td>Ignazio Dionisi<\/td><\/tr><\/tbody><\/table><\/figure>\n\n\n\n<figure class=\"wp-block-table\"><table><tbody><tr><td class=\"has-text-align-center\" data-align=\"center\">Ruolo<\/td><td><strong>Giocatori con almeno una presenza in prima squadra.<\/strong><\/td><\/tr><tr><td class=\"has-text-align-center\" data-align=\"center\">P<\/td><td>Bissanti, Costanzo Mongini e Giannantonio Zopegni.<\/td><\/tr><tr><td class=\"has-text-align-center\" data-align=\"center\">D<\/td><td>Giancarlo Bassi, Arnaldo Fabris, Franco Rossi, Piero Talamona, Luigi Venosta.<\/td><\/tr><tr><td class=\"has-text-align-center\" data-align=\"center\">A<\/td><td>Ignazio Dionisi (C), Vincenzo Fardella, Dino Innocenti, Navone.<\/td><\/tr><tr><td class=\"has-text-align-center\" data-align=\"center\">Rinforzi<\/td><td>Giancarlo Agazzi, Roberto Gandini, Mario Maiocchi, Josef Novak, Carlo Signorini (Amatori Milano), Giancarlo Bucchetti, Aldo Federici, Umberto Gerli (DRN), Oldrich Kucera e Wilhelm Pfister (SC Berna), Milan Matous e Sandor Ott (FIHG).<\/td><\/tr><\/tbody><\/table><\/figure>\n\n\n\n<p class=\"has-text-align-center\">Non intervenendo nessun nuovo socio, in evidenti ristrettezze finanziarie il club va incontro a un netto ridimensionamento. Per mantenersi in vita si torna alle origini e per affrontare la stagione ci si autotassa come negli anni Venti. Messi meglio i Diavoli Rossoneri: Bucchetti, Bulgheroni, Federici e Gerli lasciano i bianco-rosso-azzurri e passano sull&#8217;altra sponda del naviglio. Gerli cambia idea quasi subito, ma ormai il tesserino \u00e8 dei Diavoli che comunque lo presteranno al Milano per le amichevoli. Con un parco giocatori ridotto riprende l&#8217;attivit\u00e0 Venosta e continuano la carriera Mongini e Zopegni; entrambi avevano programmato il ritiro. Prima uscita a fine novembre con il Grasshopper. In porta il giovane Bissanti e a rinforzare l&#8217;organico Gerli, Agazzi, Matous e Ott, i due stranieri sono sul libro paga della Federazione e si occuperanno di tutte le squadre italiane.<\/p>\n\n\n\n<figure class=\"wp-block-table aligncenter\"><table><tbody><tr><td class=\"has-text-align-center\" data-align=\"center\"><strong>Milano, 26 novembre 1948 &#8211; Partita amichevole.<\/strong><\/td><\/tr><tr><td class=\"has-text-align-center\" data-align=\"center\">Milano-Grasshopper 5-8 (3-4; 2-1; 0-3)<\/td><\/tr><\/tbody><\/table><\/figure>\n\n\n\n<div class=\"wp-block-image\"><figure class=\"aligncenter size-large is-resized\"><img loading=\"lazy\" decoding=\"async\" src=\"https:\/\/www.milanosiamonoi.com\/wp-content\/uploads\/2021\/04\/49.11.26-M-GC-5-8-e-Svi-CS-4-6.jpg\" alt=\"\" class=\"wp-image-6399\" width=\"564\" height=\"379\" srcset=\"https:\/\/www.milanosiamonoi.com\/wp-content\/uploads\/2021\/04\/49.11.26-M-GC-5-8-e-Svi-CS-4-6.jpg 676w, https:\/\/www.milanosiamonoi.com\/wp-content\/uploads\/2021\/04\/49.11.26-M-GC-5-8-e-Svi-CS-4-6-300x202.jpg 300w, https:\/\/www.milanosiamonoi.com\/wp-content\/uploads\/2021\/04\/49.11.26-M-GC-5-8-e-Svi-CS-4-6-100x67.jpg 100w, https:\/\/www.milanosiamonoi.com\/wp-content\/uploads\/2021\/04\/49.11.26-M-GC-5-8-e-Svi-CS-4-6-50x34.jpg 50w, https:\/\/www.milanosiamonoi.com\/wp-content\/uploads\/2021\/04\/49.11.26-M-GC-5-8-e-Svi-CS-4-6-25x17.jpg 25w\" sizes=\"(max-width: 564px) 100vw, 564px\" \/><figcaption><em>Articolo da &#8220;La Gazzetta dello Sport&#8221;.<\/em><\/figcaption><\/figure><\/div>\n\n\n\n<p class=\"has-text-align-center\">Dopo il match con il Grasshopper si riempie l&#8217;infermeria; Franco Rossi, Arnaldo Fabris e Gigi Venosta marcano visita. Per la seconda gara della stagione in programma a Berna il Milano deve inevitabilmente ricorrere ai rinforzi: Maiocchi (Amatori), Bucchetti, Federici e Gerli (DRN), Matous e Ott. La squadra regge per met\u00e0 partita (avanti 3-2) dopo di che i Nazionali rossocrociati Lack e Pfister conducono gli orsi alla vittoria.<\/p>\n\n\n\n<figure class=\"wp-block-table aligncenter\"><table><tbody><tr><td class=\"has-text-align-center\" data-align=\"center\"><strong>Berna, 10 dicembre 1948 &#8211; Partita amichevole.<\/strong><\/td><\/tr><tr><td class=\"has-text-align-center\" data-align=\"center\">SC Berna-Milano 13-7<\/td><\/tr><\/tbody><\/table><\/figure>\n\n\n\n<p class=\"has-text-align-center\">A ranghi rimaneggiati ci si dedica agli allenamenti. &#8220;La Gazzetta dello Sport&#8221; scrive di un derby con l&#8217;Amatori vinto da questi ultimi, ma non pubblica nessun articolo. A pochi giorni dal Natale le tre milanesi uniscono le forze, schierano anche il ceco Kucera, ma vengono sconfitte dal Wiener EV al Palazzo: molto pubblico nonostante il nebbione. <\/p>\n\n\n\n<figure class=\"wp-block-table aligncenter\"><table><tbody><tr><td class=\"has-text-align-center\" data-align=\"center\"><strong>Milano, 22 dicembre 1948 &#8211; Partita amichevole.<\/strong><\/td><\/tr><tr><td class=\"has-text-align-center\" data-align=\"center\">Rappr. Milanese-Wiener EV 10-12 (3-4; 3-5; 4-3)<\/td><\/tr><\/tbody><\/table><\/figure>\n\n\n\n<div class=\"wp-block-image\"><figure class=\"aligncenter size-large\"><img loading=\"lazy\" decoding=\"async\" width=\"1024\" height=\"768\" src=\"https:\/\/www.milanosiamonoi.com\/wp-content\/uploads\/2022\/06\/x-Matous-Fardella.jpg\" alt=\"\" class=\"wp-image-13599\" srcset=\"https:\/\/www.milanosiamonoi.com\/wp-content\/uploads\/2022\/06\/x-Matous-Fardella.jpg 1024w, https:\/\/www.milanosiamonoi.com\/wp-content\/uploads\/2022\/06\/x-Matous-Fardella-300x225.jpg 300w, https:\/\/www.milanosiamonoi.com\/wp-content\/uploads\/2022\/06\/x-Matous-Fardella-768x576.jpg 768w, https:\/\/www.milanosiamonoi.com\/wp-content\/uploads\/2022\/06\/x-Matous-Fardella-100x75.jpg 100w, https:\/\/www.milanosiamonoi.com\/wp-content\/uploads\/2022\/06\/x-Matous-Fardella-50x38.jpg 50w, https:\/\/www.milanosiamonoi.com\/wp-content\/uploads\/2022\/06\/x-Matous-Fardella-25x19.jpg 25w, https:\/\/www.milanosiamonoi.com\/wp-content\/uploads\/2022\/06\/x-Matous-Fardella-740x555.jpg 740w, https:\/\/www.milanosiamonoi.com\/wp-content\/uploads\/2022\/06\/x-Matous-Fardella-480x360.jpg 480w\" sizes=\"(max-width: 1024px) 100vw, 1024px\" \/><figcaption><em>Da sinistra: Josif Novak, Milan Matous e Vincenzo Fardella.<\/em><\/figcaption><\/figure><\/div>\n\n\n\n<p class=\"has-text-align-center\">Per evitare il fiasco dello scorso anno, la Federazione stabilisce che il mese di gennaio deve essere dedicato al campionato. Partecipano nove squadre che vengono divise in tre gironi, le prime di ogni gruppo si qualificano per il girone finale, la vincente si aggiudica lo scudetto. Rispetto all&#8217;edizione precedente manca il Misurina, sostituito dal Tofana (seconda squadra del Cortina). Il sorteggio determina che Amatori Milano, Diavoli Rossoneri e Ortisei giocheranno due partite nella stessa giornata. Causa ghiaccio in cattive condizioni le gare del girone di Asiago vengono posticipate di una settimana.<\/p>\n\n\n\n<figure class=\"wp-block-table aligncenter\"><table><tbody><tr><td><strong>Prima fase del campionato italiano.<\/strong><\/td><td>Risultato<\/td><\/tr><tr><td><strong>Ortisei &#8211; Girone A (Milano, Ortisei e Tofana)<\/strong><\/td><td><\/td><\/tr><tr><td>9 gennaio 1949, Ortisei-Milano<\/td><td>3-11 (1-4; 1-3; 1-4)<\/td><\/tr><tr><td>Tofana non si presenta.<\/td><td><strong>Qual. Milano<\/strong><\/td><\/tr><\/tbody><\/table><\/figure>\n\n\n\n<div class=\"wp-block-image\"><figure class=\"aligncenter size-large\"><img loading=\"lazy\" decoding=\"async\" width=\"503\" height=\"282\" src=\"https:\/\/www.milanosiamonoi.com\/wp-content\/uploads\/2021\/04\/49.01.09-A-Orti-M-3-11.jpg\" alt=\"\" class=\"wp-image-6391\" srcset=\"https:\/\/www.milanosiamonoi.com\/wp-content\/uploads\/2021\/04\/49.01.09-A-Orti-M-3-11.jpg 503w, https:\/\/www.milanosiamonoi.com\/wp-content\/uploads\/2021\/04\/49.01.09-A-Orti-M-3-11-300x168.jpg 300w, https:\/\/www.milanosiamonoi.com\/wp-content\/uploads\/2021\/04\/49.01.09-A-Orti-M-3-11-100x56.jpg 100w, https:\/\/www.milanosiamonoi.com\/wp-content\/uploads\/2021\/04\/49.01.09-A-Orti-M-3-11-50x28.jpg 50w, https:\/\/www.milanosiamonoi.com\/wp-content\/uploads\/2021\/04\/49.01.09-A-Orti-M-3-11-25x14.jpg 25w\" sizes=\"(max-width: 503px) 100vw, 503px\" \/><figcaption><em>Articolo da &#8220;La Gazzetta dello Sport&#8221;.<\/em><\/figcaption><\/figure><\/div>\n\n\n\n<figure class=\"wp-block-table aligncenter\"><table><tbody><tr><td><strong>Bolzano &#8211; Girone B (Bolzano, Cortina e Diavoli Rossoneri<\/strong>)<\/td><td>Risultato<\/td><\/tr><tr><td>8 gennaio 1949, Bolzano-Cortina<\/td><td>7-5 (3-2; 3-2; 1-1)<\/td><\/tr><tr><td>9 gennaio 1949, Cortina-Diavoli Rossoneri<\/td><td>3-3 (1-3; 0-0; 2-0)<\/td><\/tr><tr><td>9 gennaio 1949, Bolzano-Diavoli Rossoneri<\/td><td>1-2 (1-0; 0-0; 0-2)<\/td><\/tr><tr><td>Diavoli Rossoneri punti 3, Bolzano 2, Cortina 1.<\/td><td><strong>Qual. Diavoli Rossoneri<\/strong><\/td><\/tr><tr><td><strong>Asiago &#8211; Girone C (Alleghe, Amatori Milano e Asiago)<\/strong><\/td><td><\/td><\/tr><tr><td>15 gennaio 1949, Asiago-Alleghe<\/td><td>3-4 (0-1; 2-2; 1-1)<\/td><\/tr><tr><td>16 gennaio 1949, Amatori Milano-Alleghe<\/td><td>3-1 (2-0; 0-0; 1-1)<\/td><\/tr><tr><td>16 gennaio 1949, Asiago-Amatori Milano<\/td><td>1-3 (0-3; 1-0; 0-0)<\/td><\/tr><tr><td>Amatori Milano punti 4, Alleghe 2, Asiago 0.<\/td><td><strong>Qual. Amatori Milano<\/strong><\/td><\/tr><\/tbody><\/table><\/figure>\n\n\n\n<p class=\"has-text-align-center\">Per prepararsi alla fase finale il Milano cerca uno sparring partner in Svizzera, ma i club di LNA sono tutti impegnati in campionato. Si rende disponibile per un match in Leventina l&#8217;Ambr\u00ec Piotta, squadra di LNB in piena lotta per la promozione in LNA. Contati i rinforzi, i &#8220;federali&#8221; Matous e Ott e l&#8217;amatorino Carlo Signorini. L&#8217;Ambr\u00ec vincer\u00e0 il campionato di LNB, ma perder\u00e0 lo spareggio promozione\/retrocessione con l&#8217;ultima classificata in LNA (Grasshopper-Ambr\u00ec Piotta 4-3). <\/p>\n\n\n\n<div class=\"wp-block-image\"><figure class=\"aligncenter size-large\"><img loading=\"lazy\" decoding=\"async\" width=\"551\" height=\"369\" src=\"https:\/\/www.milanosiamonoi.com\/wp-content\/uploads\/2021\/04\/49.01.16-Ambri-M-5-1-Lib.Stampa-sistem..jpg\" alt=\"\" class=\"wp-image-6319\" srcset=\"https:\/\/www.milanosiamonoi.com\/wp-content\/uploads\/2021\/04\/49.01.16-Ambri-M-5-1-Lib.Stampa-sistem..jpg 551w, https:\/\/www.milanosiamonoi.com\/wp-content\/uploads\/2021\/04\/49.01.16-Ambri-M-5-1-Lib.Stampa-sistem.-300x201.jpg 300w, https:\/\/www.milanosiamonoi.com\/wp-content\/uploads\/2021\/04\/49.01.16-Ambri-M-5-1-Lib.Stampa-sistem.-100x67.jpg 100w, https:\/\/www.milanosiamonoi.com\/wp-content\/uploads\/2021\/04\/49.01.16-Ambri-M-5-1-Lib.Stampa-sistem.-50x33.jpg 50w, https:\/\/www.milanosiamonoi.com\/wp-content\/uploads\/2021\/04\/49.01.16-Ambri-M-5-1-Lib.Stampa-sistem.-25x17.jpg 25w\" sizes=\"(max-width: 551px) 100vw, 551px\" \/><figcaption><em>Articolo da &#8220;Libera Stampa&#8221;.<\/em><\/figcaption><\/figure><\/div>\n\n\n\n<p class=\"has-text-align-center\">Con tre squadre milanesi in finale il girone scudetto non pu\u00f2 che andare in scena al Piranesi. Gli incontri vengono stabiliti dal sorteggio, il Milano va sul ghiaccio avendo gi\u00e0 conosciuto il risultato di Diavoli Rossoneri-Amatori Milano.<\/p>\n\n\n\n<figure class=\"wp-block-table aligncenter\"><table><tbody><tr><td><strong>Girone finale del campionato italiano 1948\/49.<\/strong><\/td><td>Risultato<\/td><\/tr><tr><td>22 gennaio 1949, Diavoli Rossoneri-Amatori Milano<\/td><td>10-2 (1-0; 2-1; 7-1)<\/td><\/tr><tr><td>23 gennaio 1949, Diavoli Rossoneri-Milano<\/td><td>5-3 (2-2; 1-0; 2-1)<\/td><\/tr><\/tbody><\/table><\/figure>\n\n\n\n<div class=\"wp-block-image\"><figure class=\"aligncenter size-large\"><img loading=\"lazy\" decoding=\"async\" width=\"276\" height=\"494\" src=\"https:\/\/www.milanosiamonoi.com\/wp-content\/uploads\/2021\/04\/49.01.23-Drn-M-5-3-Corsport-1.jpg\" alt=\"\" class=\"wp-image-6370\" srcset=\"https:\/\/www.milanosiamonoi.com\/wp-content\/uploads\/2021\/04\/49.01.23-Drn-M-5-3-Corsport-1.jpg 276w, https:\/\/www.milanosiamonoi.com\/wp-content\/uploads\/2021\/04\/49.01.23-Drn-M-5-3-Corsport-1-168x300.jpg 168w, https:\/\/www.milanosiamonoi.com\/wp-content\/uploads\/2021\/04\/49.01.23-Drn-M-5-3-Corsport-1-56x100.jpg 56w, https:\/\/www.milanosiamonoi.com\/wp-content\/uploads\/2021\/04\/49.01.23-Drn-M-5-3-Corsport-1-28x50.jpg 28w, https:\/\/www.milanosiamonoi.com\/wp-content\/uploads\/2021\/04\/49.01.23-Drn-M-5-3-Corsport-1-14x25.jpg 14w\" sizes=\"(max-width: 276px) 100vw, 276px\" \/><figcaption><em>Da &#8220;Il Corriere dello Sport&#8221;.<\/em><\/figcaption><\/figure><\/div>\n\n\n\n<p class=\"has-text-align-center\">Il massimo titolo nazionale va ai Diavoli Rossoneri. Scarse le notizie sulla seconda partita, quella decisiva. Combattuto il derby per la piazza d&#8217;onore, Amatori avanti 3-2 dopo due periodi, ma negli ultimi venti minuti il Milano rovescia il risultato in suo favore.<\/p>\n\n\n\n<figure class=\"wp-block-table aligncenter\"><table><tbody><tr><td><strong>Girone finale del campionato italiano<\/strong> <strong>1948\/49.<\/strong><\/td><td>Risultato<\/td><\/tr><tr><td>24 gennaio 1949, Milano-Amatori Milano<\/td><td>5-3 ( ? ; ? ; 3-0)<\/td><\/tr><tr><td>Reti Milano: Fardella, Dionisi, Innocenti (2) e Venosta.<\/td><td><\/td><\/tr><tr><td>Reti Amatori Milano: Agazzi, Signorini e Segurini.<\/td><td><\/td><\/tr><\/tbody><\/table><\/figure>\n\n\n\n<p class=\"has-text-align-center\">A fine gennaio altro allestimento della Rappresentativa Milanese per una tourn\u00e9e in Austria e in febbraio match andata\/ritorno con il Racing Club Parigi, squadra colma di USA e Canada: al Milano i rinforzi non bastano proprio. Nella gara giocata al Piranesi il Palazzo si riempie come non succedeva da tempo.<\/p>\n\n\n\n<div class=\"wp-block-image\"><figure class=\"aligncenter size-large\"><img loading=\"lazy\" decoding=\"async\" width=\"514\" height=\"305\" src=\"https:\/\/www.milanosiamonoi.com\/wp-content\/uploads\/2021\/04\/50.01.30-Wien-Rap.Mil-16-7.jpg\" alt=\"\" class=\"wp-image-6397\" srcset=\"https:\/\/www.milanosiamonoi.com\/wp-content\/uploads\/2021\/04\/50.01.30-Wien-Rap.Mil-16-7.jpg 514w, https:\/\/www.milanosiamonoi.com\/wp-content\/uploads\/2021\/04\/50.01.30-Wien-Rap.Mil-16-7-300x178.jpg 300w, https:\/\/www.milanosiamonoi.com\/wp-content\/uploads\/2021\/04\/50.01.30-Wien-Rap.Mil-16-7-100x59.jpg 100w, https:\/\/www.milanosiamonoi.com\/wp-content\/uploads\/2021\/04\/50.01.30-Wien-Rap.Mil-16-7-50x30.jpg 50w, https:\/\/www.milanosiamonoi.com\/wp-content\/uploads\/2021\/04\/50.01.30-Wien-Rap.Mil-16-7-25x15.jpg 25w\" sizes=\"(max-width: 514px) 100vw, 514px\" \/><figcaption><em>La Rappresentativa Milanese a Vienna, articolo da &#8220;La Gazzetta dello Sport&#8221;.<\/em><\/figcaption><\/figure><\/div>\n\n\n\n<figure class=\"wp-block-table\"><table><tbody><tr><td><strong>Parigi, 5 febbraio 1949. Racing Club Parigi-Milano 10-3 (2-0; 4-1; 4-1)<\/strong><\/td><\/tr><tr><td>RCP: Tesar; Bessette, Lalonde; Pete Bessone, Desilets, Limoges; Genest, Goujon, Couture.<\/td><\/tr><tr><td>Milano: Gandini; Bassi, Maiocchi; Ott, F. Rossi; Fardella, Innocenti, Novak; Venosta, Matous, Agazzi.<\/td><\/tr><tr><td>Reti Milano: Fardella, Ott e Agazzi.<\/td><\/tr><\/tbody><\/table><\/figure>\n\n\n\n<figure class=\"wp-block-table\"><table><tbody><tr><td><strong>Milano, 23 febbraio 1949. Milano-Racing Club Parigi 5-10 (2-2; 1-3; 2-5)<\/strong><\/td><\/tr><tr><td>Milano: Gandini; Bassi, Kucera; Ott, Venosta; Agazzi, Matous, Fardella; Dionisi, Pfister, Innocenti. <\/td><\/tr><tr><td>RCP: Tesar; Bessette, Lalonde; Pete Bessone, Genest, Limoges; Mc Gibbon, Couture, Desilets; Goujon.<\/td><\/tr><tr><td>Reti:<em> <\/em>1\u00b0t. <em>4&#8242; Limoges,<\/em> 9&#8242; Fardella, <em>13&#8242; Goujon<\/em>, 20&#8242; Innocenti. 2\u00b0t. <em>2&#8242; Genest, <\/em>3&#8242; Pfister,<em> 8&#8242; Genest, 11&#8242; Desilets, <\/em>3\u00b0t. <em>3&#8242; Limoges, <\/em>8&#8242; Fardella, <em>11&#8242; Couture, 12&#8242; aut. Gandini, 13&#8242; Genest, 19&#8242; Mc Gibbon, <\/em>20&#8242; Ott.<\/td><\/tr><tr><td>Arbitri: Galetti e Zopegni.<\/td><\/tr><\/tbody><\/table><\/figure>\n\n\n\n<div class=\"wp-block-image\"><figure class=\"aligncenter size-large\"><img loading=\"lazy\" decoding=\"async\" width=\"283\" height=\"314\" src=\"https:\/\/www.milanosiamonoi.com\/wp-content\/uploads\/2021\/04\/49.02.23-M-Racing-5-10.png\" alt=\"\" class=\"wp-image-6355\" srcset=\"https:\/\/www.milanosiamonoi.com\/wp-content\/uploads\/2021\/04\/49.02.23-M-Racing-5-10.png 283w, https:\/\/www.milanosiamonoi.com\/wp-content\/uploads\/2021\/04\/49.02.23-M-Racing-5-10-270x300.png 270w, https:\/\/www.milanosiamonoi.com\/wp-content\/uploads\/2021\/04\/49.02.23-M-Racing-5-10-90x100.png 90w, https:\/\/www.milanosiamonoi.com\/wp-content\/uploads\/2021\/04\/49.02.23-M-Racing-5-10-45x50.png 45w, https:\/\/www.milanosiamonoi.com\/wp-content\/uploads\/2021\/04\/49.02.23-M-Racing-5-10-23x25.png 23w\" sizes=\"(max-width: 283px) 100vw, 283px\" \/><figcaption>Da &#8220;Il Corriere della Sera&#8221;.<\/figcaption><\/figure><\/div>\n\n\n\n<p class=\"has-text-align-center\">L&#8217;ultimo appuntamento hockeistico della stagione milanese \u00e8 un derby. Augusto Gerosa offre e mette in palio una coppa in ricordo di Egidio Bruciamonti, con lui verr\u00e0 ricordato anche un altro ex giocatore mancato nel dopoguerra: Aldo Marazza. Del match solo risultato e parziali.<\/p>\n\n\n\n<figure class=\"wp-block-table aligncenter\"><table><tbody><tr><td class=\"has-text-align-center\" data-align=\"center\"><strong>Milano, 27 febbraio 1949 &#8211; Coppa Egidio Bruciamonti.<\/strong><\/td><\/tr><tr><td class=\"has-text-align-center\" data-align=\"center\">Diavoli Rossoneri-Milano 9-5 (1-3; 5-2; 3-0)<\/td><\/tr><\/tbody><\/table><\/figure>\n\n\n\n<p class=\"has-text-align-center\">Il 10 marzo 1949 l&#8217;Hockey Club Milano compie 25 anni, dalla fondazione avvenuta in una delle sale della vecchia birreria Spaten sembra passato un secolo. Cena con soci, giocatori, simpatizzanti e giornalisti. Ricordati con commozione le vittime della seconda guerra mondiale Guglielmo Jervis e Camillo Mussi, si spera in un futuro migliore.<\/p>\n\n\n\n<figure class=\"wp-block-image size-large\"><img loading=\"lazy\" decoding=\"async\" width=\"800\" height=\"680\" src=\"https:\/\/www.milanosiamonoi.com\/wp-content\/uploads\/2021\/04\/49.03.10-Milano-25-anni-Copia.jpg\" alt=\"\" class=\"wp-image-6372\" srcset=\"https:\/\/www.milanosiamonoi.com\/wp-content\/uploads\/2021\/04\/49.03.10-Milano-25-anni-Copia.jpg 800w, https:\/\/www.milanosiamonoi.com\/wp-content\/uploads\/2021\/04\/49.03.10-Milano-25-anni-Copia-300x255.jpg 300w, https:\/\/www.milanosiamonoi.com\/wp-content\/uploads\/2021\/04\/49.03.10-Milano-25-anni-Copia-768x653.jpg 768w, https:\/\/www.milanosiamonoi.com\/wp-content\/uploads\/2021\/04\/49.03.10-Milano-25-anni-Copia-100x85.jpg 100w, https:\/\/www.milanosiamonoi.com\/wp-content\/uploads\/2021\/04\/49.03.10-Milano-25-anni-Copia-50x43.jpg 50w, https:\/\/www.milanosiamonoi.com\/wp-content\/uploads\/2021\/04\/49.03.10-Milano-25-anni-Copia-25x21.jpg 25w, https:\/\/www.milanosiamonoi.com\/wp-content\/uploads\/2021\/04\/49.03.10-Milano-25-anni-Copia-740x629.jpg 740w\" sizes=\"(max-width: 800px) 100vw, 800px\" \/><figcaption><em>Prima parte dell&#8217;articolo di Gaetano De Luca (La Gazzetta dello Sport).<\/em><\/figcaption><\/figure>\n\n\n\n<figure class=\"wp-block-table aligncenter\"><table><tbody><tr><td><strong>Classifica marcatori stagionali del Milano.<\/strong><\/td><td class=\"has-text-align-center\" data-align=\"center\">Reti<\/td><\/tr><tr><td>Vincenzo Fardella (8 presenze)<\/td><td class=\"has-text-align-center\" data-align=\"center\">11<\/td><\/tr><tr><td>Dino Innocenti (7)<\/td><td class=\"has-text-align-center\" data-align=\"center\">10<\/td><\/tr><tr><td>Luigi Venosta (6)<\/td><td class=\"has-text-align-center\" data-align=\"center\">3<\/td><\/tr><tr><td>Ignazio Dionisi (5), Milan Matous (5) e Sandor Ott (5)<\/td><td class=\"has-text-align-center\" data-align=\"center\">2<\/td><\/tr><tr><td>Giancarlo Agazzi (3), Giancarlo Bassi (8) e Wilhelm Pfister (1)<\/td><td class=\"has-text-align-center\" data-align=\"center\">1<\/td><\/tr><tr><td>Mancano 12 marcatori: partita di Berna e ultimo derby.<\/td><td class=\"has-text-align-center\" data-align=\"center\"><\/td><\/tr><\/tbody><\/table><\/figure>\n\n\n\n<figure class=\"wp-block-table\"><table><tbody><tr><td><strong><a href=\"https:\/\/www.milanosiamonoi.com\/index.php\/dal-1946-al-1949-la-ripartenza\/1947-1948\/\" data-type=\"URL\" data-id=\"https:\/\/www.milanosiamonoi.com\/index.php\/dal-1946-al-1949-la-ripartenza\/1947-1948\/\">stagione precedente<\/a><\/strong><\/td><td class=\"has-text-align-right\" data-align=\"right\"><strong><a href=\"https:\/\/www.milanosiamonoi.com\/index.php\/campionati\/dal-1950-al-1959-anni-doro\/1949-1950\/\">stagione successiva<\/a><\/strong><\/td><\/tr><\/tbody><\/table><\/figure>\n\n\n\n<figure class=\"wp-block-table\"><table><tbody><tr><td class=\"has-text-align-center\" data-align=\"center\"><strong><a href=\"https:\/\/www.milanosiamonoi.com\/index.php\/dal-1946-al-1949-la-ripartenza\/1948-1949-drn\/\" data-type=\"URL\" data-id=\"https:\/\/www.milanosiamonoi.com\/index.php\/dal-1946-al-1949-la-ripartenza\/1948-1949-drn\/\">Diavoli Rossoneri<\/a><\/strong><\/td><\/tr><\/tbody><\/table><\/figure>\n\n\n\n<figure class=\"wp-block-table\"><table><tbody><tr><td class=\"has-text-align-center\" data-align=\"center\"><strong><a href=\"https:\/\/www.milanosiamonoi.com\/index.php\/dal-1946-al-1949-la-ripartenza\/1948-1949-amatori-mi-e-bocconi\/\" data-type=\"URL\" data-id=\"https:\/\/www.milanosiamonoi.com\/index.php\/dal-1946-al-1949-la-ripartenza\/1948-1949-amatori-mi-e-bocconi\/\">Amatori Milano e Bocconi Milano<\/a><\/strong><\/td><\/tr><\/tbody><\/table><\/figure>\n","protected":false},"excerpt":{"rendered":"<p>Presidente Arnaldo Fabris Allenatore Ignazio Dionisi Ruolo Giocatori con almeno una presenza in prima squadra. P Bissanti, Costanzo Mongini e Giannantonio Zopegni. D Giancarlo Bassi,&#8230;<\/p>\n","protected":false},"author":2,"featured_media":0,"parent":2137,"menu_order":7,"comment_status":"closed","ping_status":"closed","template":"","meta":{"spay_email":"","footnotes":""},"_links":{"self":[{"href":"https:\/\/www.milanosiamonoi.com\/index.php\/wp-json\/wp\/v2\/pages\/6280"}],"collection":[{"href":"https:\/\/www.milanosiamonoi.com\/index.php\/wp-json\/wp\/v2\/pages"}],"about":[{"href":"https:\/\/www.milanosiamonoi.com\/index.php\/wp-json\/wp\/v2\/types\/page"}],"author":[{"embeddable":true,"href":"https:\/\/www.milanosiamonoi.com\/index.php\/wp-json\/wp\/v2\/users\/2"}],"replies":[{"embeddable":true,"href":"https:\/\/www.milanosiamonoi.com\/index.php\/wp-json\/wp\/v2\/comments?post=6280"}],"version-history":[{"count":94,"href":"https:\/\/www.milanosiamonoi.com\/index.php\/wp-json\/wp\/v2\/pages\/6280\/revisions"}],"predecessor-version":[{"id":20227,"href":"https:\/\/www.milanosiamonoi.com\/index.php\/wp-json\/wp\/v2\/pages\/6280\/revisions\/20227"}],"up":[{"embeddable":true,"href":"https:\/\/www.milanosiamonoi.com\/index.php\/wp-json\/wp\/v2\/pages\/2137"}],"wp:attachment":[{"href":"https:\/\/www.milanosiamonoi.com\/index.php\/wp-json\/wp\/v2\/media?parent=6280"}],"curies":[{"name":"wp","href":"https:\/\/api.w.org\/{rel}","templated":true}]}}