{"id":5576,"date":"2021-05-03T19:24:52","date_gmt":"2021-05-03T19:24:52","guid":{"rendered":"http:\/\/milanosiamonoi.com\/?page_id=5576"},"modified":"2025-03-20T16:24:52","modified_gmt":"2025-03-20T16:24:52","slug":"1945-1946","status":"publish","type":"page","link":"https:\/\/www.milanosiamonoi.com\/index.php\/campionati\/dal-1946-al-1949-la-ripartenza\/1945-1946\/","title":{"rendered":"1945\/1946 HC Milano"},"content":{"rendered":"\n<div class=\"wp-block-image\"><figure class=\"aligncenter size-large\"><img loading=\"lazy\" decoding=\"async\" width=\"300\" height=\"300\" src=\"https:\/\/www.milanosiamonoi.com\/wp-content\/uploads\/2021\/03\/logo-milano48b.jpg\" alt=\"\" class=\"wp-image-5588\" srcset=\"https:\/\/www.milanosiamonoi.com\/wp-content\/uploads\/2021\/03\/logo-milano48b.jpg 300w, https:\/\/www.milanosiamonoi.com\/wp-content\/uploads\/2021\/03\/logo-milano48b-150x150.jpg 150w, https:\/\/www.milanosiamonoi.com\/wp-content\/uploads\/2021\/03\/logo-milano48b-100x100.jpg 100w, https:\/\/www.milanosiamonoi.com\/wp-content\/uploads\/2021\/03\/logo-milano48b-50x50.jpg 50w, https:\/\/www.milanosiamonoi.com\/wp-content\/uploads\/2021\/03\/logo-milano48b-25x25.jpg 25w, https:\/\/www.milanosiamonoi.com\/wp-content\/uploads\/2021\/03\/logo-milano48b-90x90.jpg 90w\" sizes=\"(max-width: 300px) 100vw, 300px\" \/><\/figure><\/div>\n\n\n\n<figure class=\"wp-block-table\"><table><tbody><tr><td>Presidente<\/td><td>Bruno Tedeschi<\/td><\/tr><tr><td>Allenatori<\/td><td>Ignazio Dionisi e Franco Rossi.<\/td><\/tr><\/tbody><\/table><\/figure>\n\n\n\n<figure class=\"wp-block-table\"><table><tbody><tr><td class=\"has-text-align-center\" data-align=\"center\">Ruolo<\/td><td><strong>Giocatori con almeno una presenza in prima squadra.<\/strong><\/td><\/tr><tr><td class=\"has-text-align-center\" data-align=\"center\">P<\/td><td>Costanzo Mongini, Giannantonio Zopegni.<\/td><\/tr><tr><td class=\"has-text-align-center\" data-align=\"center\">D<\/td><td>Giancarlo Bassi, Giancarlo Bucchetti, Franco Rossi, Kotzian.<\/td><\/tr><tr><td class=\"has-text-align-center\" data-align=\"center\">A<\/td><td>Carlo Bulgheroni, Ignazio Dionisi (C), Arnaldo Fabris, Vincenzo Fardella, Umberto Gerli, Luigi Venosta.<\/td><\/tr><tr><td class=\"has-text-align-center\" data-align=\"center\">Rinforzo<\/td><td>Aldo Federici (Diavoli Rossoneri).<\/td><\/tr><\/tbody><\/table><\/figure>\n\n\n\n<p class=\"has-text-align-center\">Nell&#8217;estate del 1945 Tino De Mazzeri, ultimo capitano del Milano e della Nazionale azzurra, chiama a raccolta veterani, simpatizzanti e giocatori di ogni et\u00e0, lo scopo \u00e8 quello di ricostituire l&#8217;HC Milano. La mattina di sabato 7 luglio i numerosi partecipanti sanciscono il ritorno alla vecchia denominazione del 1924. La riunione si \u00e8 tenuta nella casa di Tino De Mazzeri nel centro di Milano, non \u00e8 potuto intervenire Enrico Calcaterra, ma solo perch\u00e9 si trovava all&#8217;estero.  <\/p>\n\n\n\n<figure class=\"wp-block-table\"><table><tbody><tr><td><strong>Primo consiglio direttivo del dopoguerra.<\/strong><\/td><\/tr><tr><td>Gaetano De Luca, Tino De Mazzeri, Giampiero Medri, Luigi Venosta.<\/td><\/tr><\/tbody><\/table><\/figure>\n\n\n\n<p class=\"has-text-align-center\">Il problema principale \u00e8 costituito dalle condizioni in cui si trova il Palazzo del ghiaccio che per fortuna non \u00e8 stato colpito dalle bombe. La difficolt\u00e0 maggiore consiste nel reperire il materiale per le riparazioni e con i tempi che corrono le complicazioni si sommano. La speranza \u00e8 che le porte del vecchio impianto si possano riaprire per met\u00e0 novembre.<\/p>\n\n\n\n<p class=\"has-text-align-center\">Rispetto ai tempi previsti il Piranesi riapre con un mese di ritardo. Il 12 dicembre i primi a tornare sul ghiaccio sono le ragazze e i ragazzi del CPAM. I quotidiani annunciano la rinascita di HC Milano e Diavoli Rossoneri. La Lega Internazionale di Hockey progetta un congresso; per il momento la Germania \u00e8 stata radiata, l&#8217;Austria riammessa e l&#8217;Italia \u00e8 in attesa di giudizio. La Federazione svizzera appogger\u00e0 la posizione dell&#8217;Italia; tutto merito dell&#8217;opera diplomatica di Enrico Calcaterra. La Svizzera si candida addirittura per organizzare un campionato mondiale nel 1947.<\/p>\n\n\n\n<p class=\"has-text-align-center\">Il Milano convoca una nuova assemblea poco prima di Natale. Non si elegge un presidente, si prosegue con un consiglio direttivo retto da Luigi Venosta che comunque continuer\u00e0 a giocare. Molti i giocatori, si allestiranno due squadre, ma solo tra un mese si capir\u00e0 chi sar\u00e0 in grado di continuare a giocare e chi sceglier\u00e0 di smettere. Dei nazionali d&#8217;anteguerra Bestagini, Federici, Gerosa, Giordani, Innocenti e Decio Trovati hanno optato per i Diavoli Rossoneri.<\/p>\n\n\n\n<figure class=\"wp-block-table\"><table><tbody><tr><td class=\"has-text-align-center\" data-align=\"center\"><strong>1945<\/strong><\/td><td><strong>HC Milano &#8211; Assemblea del 22 dicembre.<\/strong><\/td><\/tr><tr><td class=\"has-text-align-center\" data-align=\"center\">Direttore C.D.<\/td><td>Luigi Venosta<\/td><\/tr><tr><td class=\"has-text-align-center\" data-align=\"center\">Soci<\/td><td>Gerardo Bedei, Carlo Bulgheroni, Enrico Calcaterra, Gaetano De Luca.<\/td><\/tr><tr><td class=\"has-text-align-center\" data-align=\"center\">P<\/td><td>Costanzo Mongini, Giannantonio Zopegni.<\/td><\/tr><tr><td class=\"has-text-align-center\" data-align=\"center\">D<\/td><td>Gianmario Baroni, Carlo Bassi, Giancarlo Bucchetti, Giancarlo Butti, Tino De Mazzeri, Kotzian, Franco Rossi.<\/td><\/tr><tr><td class=\"has-text-align-center\" data-align=\"center\">A<\/td><td>Bazzoni, Carlo Bulgheroni, Ignazio Dionisi, Arnaldo Fabris, Vincenzo Fardella, Umberto Gerli, Giacomo Levi, Floriano Mainoldi, Emanuele Martinengo, Carlo Signorini, Franco Taccani, Luigi Venosta.<\/td><\/tr><\/tbody><\/table><\/figure>\n\n\n\n<p class=\"has-text-align-center\">Dopo un mese di allenamenti giunge il giorno della prima partita del dopoguerra e non pu\u00f2 essere che un derby. I quotidiani escono con poche pagine e non tutte le notizie vengono riportate, si gioca alle cinque del pomeriggio di sabato 12 gennaio. Si conoscono le formazioni annunciate, parziali e risultato finale.<\/p>\n\n\n\n<figure class=\"wp-block-table\"><table><tbody><tr><td><strong>Milano, 12 gennaio 1946 &#8211; Partita amichevole.<\/strong><\/td><\/tr><tr><td>Formazioni annunciate:<\/td><\/tr><tr><td>Milano: Mongini (Zopegni); F. Rossi, Bucchetti; A. Fabris, Venosta, Dionisi; Gerli, Bulgheroni, Fardella: Bassi.<\/td><\/tr><tr><td>DRN: Gerosa; Bestagini, D. Trovati; Giordani, Innocenti, Federici; Colombo, Cesana, Longoni; Besostri.<\/td><\/tr><tr><td>Arbitro: Tino De Mazzeri.<\/td><\/tr><tr><td>Milano-Diavoli Rossoneri 5-3 (0-2; 3-1; 2-0)<\/td><\/tr><\/tbody><\/table><\/figure>\n\n\n\n<div class=\"wp-block-image\"><figure class=\"aligncenter size-large\"><img loading=\"lazy\" decoding=\"async\" width=\"387\" height=\"384\" src=\"https:\/\/www.milanosiamonoi.com\/wp-content\/uploads\/2021\/03\/46.01.12-M-Drn-5-3-corinf-2.jpg\" alt=\"\" class=\"wp-image-5637\" srcset=\"https:\/\/www.milanosiamonoi.com\/wp-content\/uploads\/2021\/03\/46.01.12-M-Drn-5-3-corinf-2.jpg 387w, https:\/\/www.milanosiamonoi.com\/wp-content\/uploads\/2021\/03\/46.01.12-M-Drn-5-3-corinf-2-300x298.jpg 300w, https:\/\/www.milanosiamonoi.com\/wp-content\/uploads\/2021\/03\/46.01.12-M-Drn-5-3-corinf-2-150x150.jpg 150w, https:\/\/www.milanosiamonoi.com\/wp-content\/uploads\/2021\/03\/46.01.12-M-Drn-5-3-corinf-2-100x100.jpg 100w, https:\/\/www.milanosiamonoi.com\/wp-content\/uploads\/2021\/03\/46.01.12-M-Drn-5-3-corinf-2-50x50.jpg 50w, https:\/\/www.milanosiamonoi.com\/wp-content\/uploads\/2021\/03\/46.01.12-M-Drn-5-3-corinf-2-25x25.jpg 25w, https:\/\/www.milanosiamonoi.com\/wp-content\/uploads\/2021\/03\/46.01.12-M-Drn-5-3-corinf-2-90x90.jpg 90w\" sizes=\"(max-width: 387px) 100vw, 387px\" \/><figcaption><em>Da &#8220;Il Corriere d&#8217;Informazione&#8221;.<\/em><\/figcaption><\/figure><\/div>\n\n\n\n<p class=\"has-text-align-center\">Il 31 gennaio viene indetta un&#8217;assemblea per definire l&#8217;assetto societario del club che elegge presidente Bruno Tedeschi, gi\u00e0 socio dell&#8217;HC Milano nei primi anni Trenta.<\/p>\n\n\n\n<div class=\"wp-block-image\"><figure class=\"aligncenter size-large\"><img loading=\"lazy\" decoding=\"async\" width=\"474\" height=\"273\" src=\"https:\/\/www.milanosiamonoi.com\/wp-content\/uploads\/2021\/03\/46.01.31-M-assemblea-soci-2.jpg\" alt=\"\" class=\"wp-image-5648\" srcset=\"https:\/\/www.milanosiamonoi.com\/wp-content\/uploads\/2021\/03\/46.01.31-M-assemblea-soci-2.jpg 474w, https:\/\/www.milanosiamonoi.com\/wp-content\/uploads\/2021\/03\/46.01.31-M-assemblea-soci-2-300x173.jpg 300w, https:\/\/www.milanosiamonoi.com\/wp-content\/uploads\/2021\/03\/46.01.31-M-assemblea-soci-2-100x58.jpg 100w, https:\/\/www.milanosiamonoi.com\/wp-content\/uploads\/2021\/03\/46.01.31-M-assemblea-soci-2-50x29.jpg 50w, https:\/\/www.milanosiamonoi.com\/wp-content\/uploads\/2021\/03\/46.01.31-M-assemblea-soci-2-25x14.jpg 25w\" sizes=\"(max-width: 474px) 100vw, 474px\" \/><figcaption><em>Da &#8220;Il Corriere d&#8217;Informazione&#8221;.<\/em><\/figcaption><\/figure><\/div>\n\n\n\n<p class=\"has-text-align-center\">Nell&#8217;impossibilit\u00e0 di organizzare altri incontri non resta che dedicarsi agli allenamenti. In Svizzera, invece, sono in pieno svolgimento i campionati,  Franco Rossi accoglie l&#8217;offerta pervenutagli da Losanna per giocare in LNA con il Montchoisi Hockey Club, formazione dove milita un altro italiano:  Guerrino &#8220;Gery&#8221; Beltrami.<\/p>\n\n\n\n<figure class=\"wp-block-image size-large\"><img loading=\"lazy\" decoding=\"async\" width=\"1024\" height=\"436\" src=\"https:\/\/www.milanosiamonoi.com\/wp-content\/uploads\/2021\/03\/46.02.03-foto-F.-Rossi-Montchoisi-1024x436.jpg\" alt=\"\" class=\"wp-image-5608\" srcset=\"https:\/\/www.milanosiamonoi.com\/wp-content\/uploads\/2021\/03\/46.02.03-foto-F.-Rossi-Montchoisi-1024x436.jpg 1024w, https:\/\/www.milanosiamonoi.com\/wp-content\/uploads\/2021\/03\/46.02.03-foto-F.-Rossi-Montchoisi-300x128.jpg 300w, https:\/\/www.milanosiamonoi.com\/wp-content\/uploads\/2021\/03\/46.02.03-foto-F.-Rossi-Montchoisi-768x327.jpg 768w, https:\/\/www.milanosiamonoi.com\/wp-content\/uploads\/2021\/03\/46.02.03-foto-F.-Rossi-Montchoisi-100x43.jpg 100w, https:\/\/www.milanosiamonoi.com\/wp-content\/uploads\/2021\/03\/46.02.03-foto-F.-Rossi-Montchoisi-50x21.jpg 50w, https:\/\/www.milanosiamonoi.com\/wp-content\/uploads\/2021\/03\/46.02.03-foto-F.-Rossi-Montchoisi-25x11.jpg 25w, https:\/\/www.milanosiamonoi.com\/wp-content\/uploads\/2021\/03\/46.02.03-foto-F.-Rossi-Montchoisi-1126x479.jpg 1126w, https:\/\/www.milanosiamonoi.com\/wp-content\/uploads\/2021\/03\/46.02.03-foto-F.-Rossi-Montchoisi-740x315.jpg 740w, https:\/\/www.milanosiamonoi.com\/wp-content\/uploads\/2021\/03\/46.02.03-foto-F.-Rossi-Montchoisi.jpg 1355w\" sizes=\"(max-width: 1024px) 100vw, 1024px\" \/><figcaption><em>Franco Rossi in maglia Montchoisi nel match con gli Young Sprinters di Neuchatel.<\/em><\/figcaption><\/figure>\n\n\n\n<p class=\"has-text-align-center\">Le risorse economiche non permettono onorari e investimenti eccessivi, indispensabile un accordo con la dirigenza dei Diavoli Rossoneri per convincere le squadre straniere a raggiungere Milano. Di volta in volta le formazioni ospiti giocheranno una partita con entrambe le squadre che divideranno le spese di ingaggio a met\u00e0. Si parte il 10 febbraio con il Berna SC formazione della LNA in lotta per non retrocedere. Vincono i bernesi 3-2, i gol del Milano sono di Aldo Federici (rinforzo Diavoli Rossoneri) e Arnaldo Fabris.<\/p>\n\n\n\n<div class=\"wp-block-image\"><figure class=\"aligncenter size-large\"><img loading=\"lazy\" decoding=\"async\" width=\"337\" height=\"389\" src=\"https:\/\/www.milanosiamonoi.com\/wp-content\/uploads\/2021\/03\/46.02.10-M-Bern-2-3-corinf-e1615999066184.jpg\" alt=\"\" class=\"wp-image-5609\"\/><figcaption><em>Da &#8220;Il Corriere d&#8217;Informazione&#8221;.<\/em><\/figcaption><\/figure><\/div>\n\n\n\n<p class=\"has-text-align-center\">Considerata positivamente la prestazione con il Berna SC i milanesi prendono coraggio, il 21 febbraio restituiscono la visita e si recano nella capitale della Confederazione. Si gioca di sera sulla pista scoperta del KA WE DE, nevica per tutta la durata dell&#8217;incontro e oltre ai marcatori delle reti viene segnalata l&#8217;ottima prestazione del portiere del Milano Costanzo Mongini. La rete della bandiera la realizza Vincenzo Fardella.<\/p>\n\n\n\n<figure class=\"wp-block-table\"><table><tbody><tr><td><strong>Berna, 21 febbraio 1946 &#8211; Partita amichevole,<\/strong><\/td><\/tr><tr><td>SC Berna-Milano 5-1 (1-0; 2-0; 2-1)<\/td><\/tr><tr><td>Reti: 1\u00b0t. <em>12&#8242; Pfister<\/em>. 2\u00b0t. <em>Wenger e Stauffer<\/em>. 3\u00b0t. <em>Lac<\/em>k, Fardella,<em> Pfister.<\/em><\/td><\/tr><\/tbody><\/table><\/figure>\n\n\n\n<p class=\"has-text-align-center\">Quattro giorni dopo di nuovo in pista al Palazzo, ospite il Montchoisi HC che ha terminato il campionato di LNA al penultimo posto, due punti sopra il Berna SC. Il Milano schiera in attacco una prima linea composta dagli esperti veterani e la seconda con i giovani. Nei primi due tempi, nonostante il gol degli ospiti, le cose vanno benissimo, impegno e verve non mancano. Ben diverso il finale, netto il calo dei pi\u00f9 avanti con gli anni e i losannesi dal 16&#8242; al 18&#8242; realizzano tre reti. Va precisato che dal dopoguerra la durata di ogni periodo di gioco \u00e8 stata portata a venti minuti effettivi e anche questo ha e avr\u00e0 il suo peso. <\/p>\n\n\n\n<figure class=\"wp-block-table\"><table><tbody><tr><td><strong>Milano, 24 febbraio 1946 &#8211; Partita amichevole.<\/strong><\/td><\/tr><tr><td>Milano-Montchoisi HC 0-4 (0-1; 0-0; 0-3)<\/td><\/tr><tr><td>Milano: Zopegni; F. Rossi, Bucchetti; Bassi; Dionisi, Venosta, A. Fabris; Fardella, Bulgheroni, Gerli.<\/td><\/tr><\/tbody><\/table><\/figure>\n\n\n\n<p class=\"has-text-align-center\">Con le straniere sia il Milano che i Diavoli hanno collezionato solo sconfitte e nel match del 28 febbraio con l&#8217;Ambr\u00ec Piotta i dirigenti dei due club uniscono le forze ridando vita alla Rappresentativa Milanese. La selezione dei migliori d\u00e0 la possibilit\u00e0 di provare la formazione che indossando la maglia azzurra sfider\u00e0 in marzo la Svizzera B. Il Palazzo registra la maggiore affluenza della stagione e finalmente arriva una vittoria. Le scarne righe di cronaca dicono che il risultato non rispecchia l&#8217;andamento del match: milanesi molto meglio. L&#8217;Ambr\u00ec milita nella serie B svizzera che la Federazione rossocrociata chiama serie A, da non confondere con il massimo campionato di LNA (Lega Nazionale A).<\/p>\n\n\n\n<figure class=\"wp-block-table\"><table><tbody><tr><td><strong>Milano, 28 febbraio 1946 &#8211; Partita amichevole.<\/strong><\/td><\/tr><tr><td>Rappr. Milanese-Ambr\u00ec Piotta 2-1 (0-0; 1-1: 1-0)<\/td><\/tr><tr><td>Rappr. Milanese: Gerosa; <strong>F. Rossi, Bucchetti; Bassi<\/strong>; Federici, Innocenti, Bestagini; <strong>Gerli, Bulgheroni, Fardella.<\/strong><\/td><\/tr><tr><td>Ambr\u00ec Piotta: Guscetti II; Juri I, Guscetti I; Guscio, Legena, Celio; Beffa, Zamberlani, Juri II.<\/td><\/tr><tr><td>Reti: 2\u00b0t. 12&#8242; Innocenti, <em>13&#8242; Beffa.<\/em> 3\u00b0t. 9&#8242; Franco Rossi.<\/td><\/tr><tr><td>Arbitri: Galetti (Italia) e Bolli (Svizzera).<\/td><\/tr><\/tbody><\/table><\/figure>\n\n\n\n<p class=\"has-text-align-center\">Il 10 marzo torna sul ghiaccio la Nazionale. Per la prima degli azzurri del dopoguerra scende a Milano la Svizzera B e il Piranesi rileva il tutto esaurito. Rispetto alla gara con l&#8217;Ambr\u00ec Piotta, Venosta e Arnaldo Fabris subentrano a Bassi e Bestagini. Passato l&#8217;iniziale timore reverenziale gli azzurri mostrano una maggiore aggressivit\u00e0. Rossocrociati pi\u00f9 ordinati e ottime  individualit\u00e0 che emergono nel terzo finale, ma nonostante il netto calo degli italiani il match termina in parit\u00e0. Augusto Gerosa veste l&#8217;azzurro per la trentasettesima volta, in materia di presenze in Nazionale nessuno come lui.<\/p>\n\n\n\n<div class=\"wp-block-image\"><figure class=\"aligncenter size-large\"><img loading=\"lazy\" decoding=\"async\" width=\"538\" height=\"464\" src=\"https:\/\/www.milanosiamonoi.com\/wp-content\/uploads\/2021\/03\/46.03.09-Ita-Svi-B-4-4-.jpg\" alt=\"\" class=\"wp-image-5752\" srcset=\"https:\/\/www.milanosiamonoi.com\/wp-content\/uploads\/2021\/03\/46.03.09-Ita-Svi-B-4-4-.jpg 538w, https:\/\/www.milanosiamonoi.com\/wp-content\/uploads\/2021\/03\/46.03.09-Ita-Svi-B-4-4--300x259.jpg 300w, https:\/\/www.milanosiamonoi.com\/wp-content\/uploads\/2021\/03\/46.03.09-Ita-Svi-B-4-4--100x86.jpg 100w, https:\/\/www.milanosiamonoi.com\/wp-content\/uploads\/2021\/03\/46.03.09-Ita-Svi-B-4-4--50x43.jpg 50w, https:\/\/www.milanosiamonoi.com\/wp-content\/uploads\/2021\/03\/46.03.09-Ita-Svi-B-4-4--25x22.jpg 25w\" sizes=\"(max-width: 538px) 100vw, 538px\" \/><\/figure><\/div>\n\n\n\n<figure class=\"wp-block-table\"><table><tbody><tr><td>Italia: Gerosa; F. Rossi, Venosta; Bucchetti; Federici, Innocenti, A, Fabris; Bulgheroni, Gerli, Fardella.<\/td><\/tr><tr><td>Svizzera B: Perl; Lack, Tinenbart; Vuilliemont; Hugo e Othmar Delnon, Bianchi; Hinterkircher, Guggenbuehl, Schmidt.<\/td><\/tr><tr><td>Reti: 1\u00b0t.<em> 10&#8242; Hinterchircher, <\/em>11&#8242; Venosta. 2\u00b0t. 3&#8242; Federici, 3&#8217;50&#8221; Innocenti, <em>Hugo Delnon (2<\/em>), 18&#8242; Federici, 19&#8242; <em>Othmar Delnon.<\/em><\/td><\/tr><tr><td>Arbitri: Talamona (Italia) e Goel (Svizzera).<\/td><\/tr><\/tbody><\/table><\/figure>\n\n\n\n<p class=\"has-text-align-center\">La stagione volge al termine e come la tradizione insegna si vola verso la chiusura confrontandosi con le formazioni della vicina Confederazione: Grasshopper (secondo classificato in serie B), St. Moritz (squadra in disarmo) e Zurigo SC (quarto classificato in LNA). Nel Milano sempre presente il rinforzo rossonero Aldo Federici.<\/p>\n\n\n\n<div class=\"wp-block-image\"><figure class=\"aligncenter size-large\"><img loading=\"lazy\" decoding=\"async\" width=\"269\" height=\"572\" src=\"https:\/\/www.milanosiamonoi.com\/wp-content\/uploads\/2021\/03\/46.03.16-M-GC-5-0-1.jpg\" alt=\"\" class=\"wp-image-5675\" srcset=\"https:\/\/www.milanosiamonoi.com\/wp-content\/uploads\/2021\/03\/46.03.16-M-GC-5-0-1.jpg 269w, https:\/\/www.milanosiamonoi.com\/wp-content\/uploads\/2021\/03\/46.03.16-M-GC-5-0-1-141x300.jpg 141w, https:\/\/www.milanosiamonoi.com\/wp-content\/uploads\/2021\/03\/46.03.16-M-GC-5-0-1-47x100.jpg 47w, https:\/\/www.milanosiamonoi.com\/wp-content\/uploads\/2021\/03\/46.03.16-M-GC-5-0-1-24x50.jpg 24w, https:\/\/www.milanosiamonoi.com\/wp-content\/uploads\/2021\/03\/46.03.16-M-GC-5-0-1-12x25.jpg 12w\" sizes=\"(max-width: 269px) 100vw, 269px\" \/><figcaption><em>Da &#8220;La Gazzetta dello Sport&#8221;.<\/em><\/figcaption><\/figure><\/div>\n\n\n\n<figure class=\"wp-block-table\"><table><tbody><tr><td><strong>Milano, 24 marzo 1946 &#8211; Partita amichevole.<\/strong><\/td><\/tr><tr><td>Rappr. Milanese-St. Moritz 13-0 (5-0; 5-0; 3-0)<\/td><\/tr><tr><td>Reti: Innocenti (3), Federici (3), <strong>Gerli (3), Bulgheroni (2), Fardella<\/strong> e Bestagini.<\/td><\/tr><\/tbody><\/table><\/figure>\n\n\n\n<div class=\"wp-block-image\"><figure class=\"aligncenter size-large\"><img loading=\"lazy\" decoding=\"async\" width=\"596\" height=\"582\" src=\"https:\/\/www.milanosiamonoi.com\/wp-content\/uploads\/2021\/03\/46.03.30-M-ZSC-3-5-1.jpg\" alt=\"\" class=\"wp-image-5630\" srcset=\"https:\/\/www.milanosiamonoi.com\/wp-content\/uploads\/2021\/03\/46.03.30-M-ZSC-3-5-1.jpg 596w, https:\/\/www.milanosiamonoi.com\/wp-content\/uploads\/2021\/03\/46.03.30-M-ZSC-3-5-1-300x293.jpg 300w, https:\/\/www.milanosiamonoi.com\/wp-content\/uploads\/2021\/03\/46.03.30-M-ZSC-3-5-1-100x98.jpg 100w, https:\/\/www.milanosiamonoi.com\/wp-content\/uploads\/2021\/03\/46.03.30-M-ZSC-3-5-1-50x50.jpg 50w, https:\/\/www.milanosiamonoi.com\/wp-content\/uploads\/2021\/03\/46.03.30-M-ZSC-3-5-1-25x25.jpg 25w\" sizes=\"(max-width: 596px) 100vw, 596px\" \/><figcaption><em>Giocata sabato 30 marzo 1946, da<\/em> &#8220;La Gazzetta dello Sport&#8221;.<\/figcaption><\/figure><\/div>\n\n\n\n<p class=\"has-text-align-center\">Quattro vittorie e due sconfitte, questo il bilancio nella stagione della ricostituzione. Purtroppo nessun resoconto sul derby, mentre per quel che riguarda le altre partite il miglior marcatore \u00e8 Federici che, tesserato dai Diavoli Rossoneri, gioca come rinforzo realizzando cinque reti. La vecchia roccia Dionisi ne segna tre, Bulgheroni, Fardella e Arnaldo Fabris un gol a testa.<\/p>\n\n\n\n<figure class=\"wp-block-table\"><table><tbody><tr><td><strong><a href=\"https:\/\/www.milanosiamonoi.com\/index.php\/campionati\/dal-1940-al-1945-la-guerra\/1942-43-44-45-amdg\/\" data-type=\"URL\" data-id=\"https:\/\/www.milanosiamonoi.com\/index.php\/campionati\/dal-1940-al-1945-la-guerra\/1942-43-44-45-amdg\/\">stagione precendente<\/a><\/strong><\/td><td class=\"has-text-align-right\" data-align=\"right\"><strong><a href=\"https:\/\/www.milanosiamonoi.com\/index.php\/dal-1946-al-1949-la-ripartenza\/1946-1947\/\" data-type=\"URL\" data-id=\"https:\/\/www.milanosiamonoi.com\/index.php\/dal-1946-al-1949-la-ripartenza\/1946-1947\/\">stagione successiva<\/a><\/strong><\/td><\/tr><\/tbody><\/table><\/figure>\n\n\n\n<figure class=\"wp-block-table\"><table><tbody><tr><td class=\"has-text-align-center\" data-align=\"center\"><strong><a href=\"https:\/\/www.milanosiamonoi.com\/index.php\/dal-1946-al-1949-la-ripartenza\/1945-1946-drn\/\" data-type=\"URL\" data-id=\"https:\/\/www.milanosiamonoi.com\/index.php\/dal-1946-al-1949-la-ripartenza\/1945-1946-drn\/\">Diavoli Rossoneri<\/a><\/strong><\/td><\/tr><\/tbody><\/table><\/figure>\n","protected":false},"excerpt":{"rendered":"<p>Presidente Bruno Tedeschi Allenatori Ignazio Dionisi e Franco Rossi. Ruolo Giocatori con almeno una presenza in prima squadra. P Costanzo Mongini, Giannantonio Zopegni. D Giancarlo&#8230;<\/p>\n","protected":false},"author":2,"featured_media":0,"parent":2137,"menu_order":0,"comment_status":"closed","ping_status":"closed","template":"","meta":{"spay_email":"","footnotes":""},"_links":{"self":[{"href":"https:\/\/www.milanosiamonoi.com\/index.php\/wp-json\/wp\/v2\/pages\/5576"}],"collection":[{"href":"https:\/\/www.milanosiamonoi.com\/index.php\/wp-json\/wp\/v2\/pages"}],"about":[{"href":"https:\/\/www.milanosiamonoi.com\/index.php\/wp-json\/wp\/v2\/types\/page"}],"author":[{"embeddable":true,"href":"https:\/\/www.milanosiamonoi.com\/index.php\/wp-json\/wp\/v2\/users\/2"}],"replies":[{"embeddable":true,"href":"https:\/\/www.milanosiamonoi.com\/index.php\/wp-json\/wp\/v2\/comments?post=5576"}],"version-history":[{"count":85,"href":"https:\/\/www.milanosiamonoi.com\/index.php\/wp-json\/wp\/v2\/pages\/5576\/revisions"}],"predecessor-version":[{"id":20224,"href":"https:\/\/www.milanosiamonoi.com\/index.php\/wp-json\/wp\/v2\/pages\/5576\/revisions\/20224"}],"up":[{"embeddable":true,"href":"https:\/\/www.milanosiamonoi.com\/index.php\/wp-json\/wp\/v2\/pages\/2137"}],"wp:attachment":[{"href":"https:\/\/www.milanosiamonoi.com\/index.php\/wp-json\/wp\/v2\/media?parent=5576"}],"curies":[{"name":"wp","href":"https:\/\/api.w.org\/{rel}","templated":true}]}}