{"id":1875,"date":"2020-10-31T11:55:14","date_gmt":"2020-10-31T11:55:14","guid":{"rendered":"http:\/\/milanosiamonoi.com\/?page_id=1875"},"modified":"2025-03-20T16:43:05","modified_gmt":"2025-03-20T16:43:05","slug":"1925-1926","status":"publish","type":"page","link":"https:\/\/www.milanosiamonoi.com\/index.php\/campionati\/dal-1924-al-1929-le-origini\/1925-1926\/","title":{"rendered":"1925\/1926 HC Milano"},"content":{"rendered":"\n<div class=\"wp-block-image\"><figure class=\"aligncenter size-large\"><img loading=\"lazy\" decoding=\"async\" width=\"300\" height=\"300\" src=\"https:\/\/www.milanosiamonoi.com\/wp-content\/uploads\/2020\/10\/logo-hcm-300x300-1.jpg\" alt=\"\" class=\"wp-image-1734\" srcset=\"https:\/\/www.milanosiamonoi.com\/wp-content\/uploads\/2020\/10\/logo-hcm-300x300-1.jpg 300w, https:\/\/www.milanosiamonoi.com\/wp-content\/uploads\/2020\/10\/logo-hcm-300x300-1-150x150.jpg 150w, https:\/\/www.milanosiamonoi.com\/wp-content\/uploads\/2020\/10\/logo-hcm-300x300-1-100x100.jpg 100w, https:\/\/www.milanosiamonoi.com\/wp-content\/uploads\/2020\/10\/logo-hcm-300x300-1-50x50.jpg 50w, https:\/\/www.milanosiamonoi.com\/wp-content\/uploads\/2020\/10\/logo-hcm-300x300-1-25x25.jpg 25w, https:\/\/www.milanosiamonoi.com\/wp-content\/uploads\/2020\/10\/logo-hcm-300x300-1-90x90.jpg 90w\" sizes=\"(max-width: 300px) 100vw, 300px\" \/><\/figure><\/div>\n\n\n\n<figure class=\"wp-block-table aligncenter\"><table><tbody><tr><td>Presidente onorario<\/td><td>Alberto Bonacossa<\/td><\/tr><tr><td>Presidente effettivo<\/td><td>Emilio Botturi<\/td><\/tr><tr><td>Allenatore<\/td><td>Decio Trovati<\/td><\/tr><\/tbody><\/table><\/figure>\n\n\n\n<figure class=\"wp-block-table\"><table><tbody><tr><td class=\"has-text-align-center\" data-align=\"center\">Ruolo<\/td><td><strong>Giocatori<\/strong>.<\/td><\/tr><tr><td class=\"has-text-align-center\" data-align=\"center\">P<\/td><td>Enrico Calcaterra.<\/td><\/tr><tr><td class=\"has-text-align-center\" data-align=\"center\">D<\/td><td>Ambrogio Gobbi (C), Edoardo Piazza.<\/td><\/tr><tr><td class=\"has-text-align-center\" data-align=\"center\">A<\/td><td>Guido Botturi, Ernesto Iscaki, Luigi Redaelli, Decio Trovati, Marco Urbano.<\/td><\/tr><tr><td class=\"has-text-align-center\" data-align=\"center\">Rinforzo<\/td><td>Giuseppe Paulon (Wengen).<\/td><\/tr><\/tbody><\/table><\/figure>\n\n\n\n<p class=\"has-text-align-center\">Il 15 ottobre del 1925 al ristorante Savini di Milano nasce la Federazione Italiana di Hockey su Ghiaccio, Alberto Bonacossa viene eletto presidente. Cambio della guardia al vertice dell&#8217;HC Milano, Ambrogio Gobbi lascia la presidenza a Emilio Botturi. A guidare i giocatori non c&#8217;\u00e8 pi\u00f9 Leon Quaglia, tornato a Chamonix e gli allenamenti proseguono sotto le direttive di Decio Trovati. I giocatori a disposizione non sono molti, per diversi motivi hanno lasciato l&#8217;attivit\u00e0 Jervis, Sancassani e Trippi e alla rosa della prima squadra viene aggregato solo Ernesto Iscaki. Per il solito motivo di mancanza di avversari si procede attendendo la fine dell&#8217;anno, quando in Svizzera si giocheranno amichevoli e tornei. A rovinare il programma ci si mettono anche le condizioni climatiche e il torneo post-natalizio di Kandersteg \u00e8 annullato. Ci si sposta a Wengen, ma dopo un paio di partite comincia a piovere e il torneo non giunge alla conclusione.<\/p>\n\n\n\n<figure class=\"wp-block-image size-large\"><img loading=\"lazy\" decoding=\"async\" width=\"800\" height=\"455\" src=\"https:\/\/www.milanosiamonoi.com\/wp-content\/uploads\/2020\/10\/26.01-M-a-Wengen-libro-Cal.jpg\" alt=\"\" class=\"wp-image-1932\" srcset=\"https:\/\/www.milanosiamonoi.com\/wp-content\/uploads\/2020\/10\/26.01-M-a-Wengen-libro-Cal.jpg 800w, https:\/\/www.milanosiamonoi.com\/wp-content\/uploads\/2020\/10\/26.01-M-a-Wengen-libro-Cal-300x171.jpg 300w, https:\/\/www.milanosiamonoi.com\/wp-content\/uploads\/2020\/10\/26.01-M-a-Wengen-libro-Cal-768x437.jpg 768w, https:\/\/www.milanosiamonoi.com\/wp-content\/uploads\/2020\/10\/26.01-M-a-Wengen-libro-Cal-100x57.jpg 100w, https:\/\/www.milanosiamonoi.com\/wp-content\/uploads\/2020\/10\/26.01-M-a-Wengen-libro-Cal-50x28.jpg 50w, https:\/\/www.milanosiamonoi.com\/wp-content\/uploads\/2020\/10\/26.01-M-a-Wengen-libro-Cal-25x14.jpg 25w, https:\/\/www.milanosiamonoi.com\/wp-content\/uploads\/2020\/10\/26.01-M-a-Wengen-libro-Cal-740x421.jpg 740w\" sizes=\"(max-width: 800px) 100vw, 800px\" \/><figcaption><em>Wengen, da sinistra in piedi: G. Botturi, Gobbi, Redaelli e D. Trovati. Sdraiato: Calcaterra.<\/em><\/figcaption><\/figure>\n\n\n\n<p class=\"has-text-align-center\"> Un&#8217;amichevole di passaggio a St. Moritz e la comitiva raggiunge Davos, dove i nostri indossano la maglia azzurra e partecipano al Campionato d&#8217;Europa. In un girone con i colossi Svizzera (0-13) e Gran Bretagna (1-8) orgoglio e coraggio non possono bastare, mentre nel girone di classificazione un&#8217;onorevole sconfitta con la Polonia (1-3) e un pareggio con la Spagna (2-2) sono indici di miglioramento. Solo allenamenti fino ai primi di marzo, poi un match con il Wengen del connazionale Bepi Paulon, superato di slancio da un Milano in gran forma. <\/p>\n\n\n\n<figure class=\"wp-block-table aligncenter\"><table><tbody><tr><td><strong>1925<\/strong><\/td><td>Luogo<\/td><td><strong>Torneo di Wengen<\/strong>.<\/td><td class=\"has-text-align-center\" data-align=\"center\">Risultato<\/td><\/tr><tr><td>31 dicembre<\/td><td>Wengen<\/td><td>Akademischer Zurigo-Milano<\/td><td class=\"has-text-align-center\" data-align=\"center\">2-1<\/td><\/tr><tr><td><strong>1926<\/strong><\/td><td><\/td><td><\/td><td class=\"has-text-align-center\" data-align=\"center\"><\/td><\/tr><tr><td>1 gennaio<\/td><td>Wengen<\/td><td>Wengen-Milano<\/td><td class=\"has-text-align-center\" data-align=\"center\">0-0<\/td><\/tr><tr><td><\/td><td><\/td><td><strong>Partite Amichevoli<\/strong>.<\/td><td class=\"has-text-align-center\" data-align=\"center\"><\/td><\/tr><tr><td>2 gennaio<\/td><td>Wengen<\/td><td>Akademischer Zurigo-Milano<\/td><td class=\"has-text-align-center\" data-align=\"center\">2-1<\/td><\/tr><tr><td>4 gennaio<\/td><td>Wengen<\/td><td>Wengen-Milano<\/td><td class=\"has-text-align-center\" data-align=\"center\">1-2<\/td><\/tr><tr><td>8 gennaio<\/td><td>St. Moritz<\/td><td>St. Moritz-Milano<\/td><td class=\"has-text-align-center\" data-align=\"center\">8-2<\/td><\/tr><tr><td>6 marzo <\/td><td>Milano<\/td><td>Milano-Wengen<\/td><td class=\"has-text-align-center\" data-align=\"center\">6-1 (2-0; 4-1)<\/td><\/tr><\/tbody><\/table><\/figure>\n\n\n\n<p class=\"has-text-align-center\">Una settimana dopo al Palazzo va in scena la II edizione della Coppa Cinzano. A questo torneo avrebbe dovuto partecipare anche il CPV Torino, ma non gelando le acque del laghetto del parco del Valentino i piemontesi sono costretti a dare forfait. Con il Cortina finisce 8-1 e l&#8217;incontro non vive fasi esaltanti. Gli ampezzani si distinguono singolarmente, ma sono totalmente privi di gioco di squadra, senza dubbio necessitano di una guida per migliorare tecnicamente e tatticamente. Il numeroso pubblico lascia il Palazzo deluso dallo spettacolo offerto dalle due squadre, ma se avesse saputo che la vittoria del Milano equivaleva al secondo titolo di campione d&#8217;Italia avrebbe festeggiato il fine partita in modo diverso.<\/p>\n\n\n\n<div class=\"wp-block-image\"><figure class=\"aligncenter size-large is-resized\"><img loading=\"lazy\" decoding=\"async\" src=\"https:\/\/www.milanosiamonoi.com\/wp-content\/uploads\/2020\/11\/26.03.13-ANTE-M-Cort-II-Cinzano-Corsersa.jpg\" alt=\"\" class=\"wp-image-1971\" width=\"570\" height=\"238\" srcset=\"https:\/\/www.milanosiamonoi.com\/wp-content\/uploads\/2020\/11\/26.03.13-ANTE-M-Cort-II-Cinzano-Corsersa.jpg 855w, https:\/\/www.milanosiamonoi.com\/wp-content\/uploads\/2020\/11\/26.03.13-ANTE-M-Cort-II-Cinzano-Corsersa-300x125.jpg 300w, https:\/\/www.milanosiamonoi.com\/wp-content\/uploads\/2020\/11\/26.03.13-ANTE-M-Cort-II-Cinzano-Corsersa-768x321.jpg 768w, https:\/\/www.milanosiamonoi.com\/wp-content\/uploads\/2020\/11\/26.03.13-ANTE-M-Cort-II-Cinzano-Corsersa-100x42.jpg 100w, https:\/\/www.milanosiamonoi.com\/wp-content\/uploads\/2020\/11\/26.03.13-ANTE-M-Cort-II-Cinzano-Corsersa-50x21.jpg 50w, https:\/\/www.milanosiamonoi.com\/wp-content\/uploads\/2020\/11\/26.03.13-ANTE-M-Cort-II-Cinzano-Corsersa-25x10.jpg 25w, https:\/\/www.milanosiamonoi.com\/wp-content\/uploads\/2020\/11\/26.03.13-ANTE-M-Cort-II-Cinzano-Corsersa-740x309.jpg 740w\" sizes=\"(max-width: 570px) 100vw, 570px\" \/><\/figure><\/div>\n\n\n\n<figure class=\"wp-block-table\"><table><tbody><tr><td><strong>Milano, 13 marzo 1926 <\/strong>&#8211;<strong> II edizione Coppa Cinzano (II\u00b0 campionato italiano)<\/strong><\/td><\/tr><tr><td>Milano-Cortina 8-1 (4-1; 4-0)<\/td><\/tr><tr><td>Milano: Calcaterra; Gobbi, E. Piazza; D. Trovati, G. Botturi, Redaelli.<\/td><\/tr><tr><td>Cortina: Costantini; V. Colli, Apollonio; De Zanna, Polloni, Menardi, Verzi.<\/td><\/tr><tr><td>Reti: 1\u00b0t. G.Botturi, Gobbi, D.Trovati 2, <em>Apollonio<\/em>. 2\u00b0t. G.Botturi 2, D.Trovati, E. Piazza. Arbitro: Emilio Botturi.<\/td><\/tr><\/tbody><\/table><\/figure>\n\n\n\n<p class=\"has-text-align-center\">Chiusura a fine mese con i campioni svizzeri della stagione precedente del Rosey Gstaadt. Una battaglia durissima, un incontro magnifico con Enrico Calcaterra decisivo in situazioni difficilissime: finisce 2-2. Il giornalista Giuseppe Ghezzi (L&#8217;Ambrosiano) loda la prestazione di Trovati &amp; C. : &#8211; Il Milano \u00e8 in grado di affrontare ogni incontro con fiducia, la sua non completa maturit\u00e0 sar\u00e0 ben presto compensata dalla volont\u00e0 e le deficienze tecniche attuali saranno presto superate. L&#8217;handicap pi\u00f9 grande \u00e8 la mancanza di riserve (cambi), perch\u00e9 in un gioco veloce come l&#8217;hockey la sostituzione degli uomini sul ghiaccio deve essere frequente e le riserve devono giocare di pi\u00f9 in incontri facili, vedi Wengen e Cortina. Solo cos\u00ec si colmer\u00e0 il gap che si evidenzia quando gli avversari sono pi\u00f9 forti e dove emerge l&#8217;apprensione data dalla responsabilit\u00e0 di giocare da titolari-.<\/p>\n\n\n\n<figure class=\"wp-block-table\"><table><tbody><tr><td><strong>Milano, 27 marzo 1926 &#8211; Partita amichevole. <\/strong><\/td><\/tr><tr><td>Milano-Rosey Gstaadt 2-2 (1-1; 1-0; 0-1)<\/td><\/tr><tr><td>Milano: Calcaterra; Gobbi, E. Piazza; D. Trovati, G. Botturi, Redaelli; Urbano, Iscaki.<\/td><\/tr><tr><td>Rosey: Naef; Sursock, Trauttenberg; Peltzer, Von Siebenthal, De Thier; Dufour, Frowein.<\/td><\/tr><tr><td>Reti: 1\u00b0t. D. Trovati, <em>Dufour<\/em>. 2\u00b0t. Redaelli, 3\u00b0t. <em>Dufour.<\/em> Arbitro: Emilio Botturi, <\/td><\/tr><\/tbody><\/table><\/figure>\n\n\n\n<div class=\"wp-block-image\"><figure class=\"aligncenter size-large\"><img loading=\"lazy\" decoding=\"async\" width=\"418\" height=\"499\" src=\"https:\/\/www.milanosiamonoi.com\/wp-content\/uploads\/2020\/10\/26.03.27-M-Rosey-2-2-Corsera.jpg\" alt=\"\" class=\"wp-image-1926\" srcset=\"https:\/\/www.milanosiamonoi.com\/wp-content\/uploads\/2020\/10\/26.03.27-M-Rosey-2-2-Corsera.jpg 418w, https:\/\/www.milanosiamonoi.com\/wp-content\/uploads\/2020\/10\/26.03.27-M-Rosey-2-2-Corsera-251x300.jpg 251w, https:\/\/www.milanosiamonoi.com\/wp-content\/uploads\/2020\/10\/26.03.27-M-Rosey-2-2-Corsera-84x100.jpg 84w, https:\/\/www.milanosiamonoi.com\/wp-content\/uploads\/2020\/10\/26.03.27-M-Rosey-2-2-Corsera-42x50.jpg 42w, https:\/\/www.milanosiamonoi.com\/wp-content\/uploads\/2020\/10\/26.03.27-M-Rosey-2-2-Corsera-21x25.jpg 21w\" sizes=\"(max-width: 418px) 100vw, 418px\" \/><figcaption><em>Articolo da &#8220;Il Corriere della Sera&#8221;.<\/em><\/figcaption><\/figure><\/div>\n\n\n\n<figure class=\"wp-block-table\"><table><tbody><tr><td><strong><a href=\"https:\/\/www.milanosiamonoi.com\/index.php\/1924-1925\/\" data-type=\"page\" data-id=\"1819\">stagione precedente<\/a><\/strong><\/td><td class=\"has-text-align-right\" data-align=\"right\"><strong><a href=\"https:\/\/www.milanosiamonoi.com\/index.php\/campionati\/dal-1924-al-1929-le-origini\/1926-27\/\" data-type=\"page\" data-id=\"1579\">stagione successiva<\/a><\/strong><\/td><\/tr><\/tbody><\/table><\/figure>\n","protected":false},"excerpt":{"rendered":"<p>Presidente onorario Alberto Bonacossa Presidente effettivo Emilio Botturi Allenatore Decio Trovati Ruolo Giocatori. P Enrico Calcaterra. D Ambrogio Gobbi (C), Edoardo Piazza. A Guido Botturi,&#8230;<\/p>\n","protected":false},"author":2,"featured_media":0,"parent":1462,"menu_order":0,"comment_status":"closed","ping_status":"closed","template":"","meta":{"spay_email":"","footnotes":""},"_links":{"self":[{"href":"https:\/\/www.milanosiamonoi.com\/index.php\/wp-json\/wp\/v2\/pages\/1875"}],"collection":[{"href":"https:\/\/www.milanosiamonoi.com\/index.php\/wp-json\/wp\/v2\/pages"}],"about":[{"href":"https:\/\/www.milanosiamonoi.com\/index.php\/wp-json\/wp\/v2\/types\/page"}],"author":[{"embeddable":true,"href":"https:\/\/www.milanosiamonoi.com\/index.php\/wp-json\/wp\/v2\/users\/2"}],"replies":[{"embeddable":true,"href":"https:\/\/www.milanosiamonoi.com\/index.php\/wp-json\/wp\/v2\/comments?post=1875"}],"version-history":[{"count":44,"href":"https:\/\/www.milanosiamonoi.com\/index.php\/wp-json\/wp\/v2\/pages\/1875\/revisions"}],"predecessor-version":[{"id":20242,"href":"https:\/\/www.milanosiamonoi.com\/index.php\/wp-json\/wp\/v2\/pages\/1875\/revisions\/20242"}],"up":[{"embeddable":true,"href":"https:\/\/www.milanosiamonoi.com\/index.php\/wp-json\/wp\/v2\/pages\/1462"}],"wp:attachment":[{"href":"https:\/\/www.milanosiamonoi.com\/index.php\/wp-json\/wp\/v2\/media?parent=1875"}],"curies":[{"name":"wp","href":"https:\/\/api.w.org\/{rel}","templated":true}]}}