{"id":1469,"date":"2020-09-06T15:36:38","date_gmt":"2020-09-06T15:36:38","guid":{"rendered":"http:\/\/milanosiamonoi.com\/?page_id=1469"},"modified":"2022-03-23T11:43:20","modified_gmt":"2022-03-23T11:43:20","slug":"dal-1950-al-1959-anni-doro","status":"publish","type":"page","link":"https:\/\/www.milanosiamonoi.com\/index.php\/campionati\/dal-1950-al-1959-anni-doro\/","title":{"rendered":"Dal 1950 al 1959: anni d&#8217;oro"},"content":{"rendered":"\n<p class=\"has-text-align-center\">Quella degli anni Cinquanta, per successi e giocatori di valore sfoderati,  rappresenta la decade d&#8217;oro dell&#8217;hockey su ghiaccio milanese. In chiave Nazionale il tutto viene impreziosito dalle tre vittorie conseguite nel Criterium d&#8217;Europa e dall&#8217;edizione cortinese dei Giochi olimpici invernali del 1956.<\/p>\n\n\n\n<div class=\"wp-block-image\"><figure class=\"aligncenter size-large is-resized\"><img loading=\"lazy\" decoding=\"async\" src=\"https:\/\/www.milanosiamonoi.com\/wp-content\/uploads\/2021\/05\/51.-criterium-Europa-1.jpg\" alt=\"\" class=\"wp-image-6720\" width=\"552\" height=\"441\" srcset=\"https:\/\/www.milanosiamonoi.com\/wp-content\/uploads\/2021\/05\/51.-criterium-Europa-1.jpg 743w, https:\/\/www.milanosiamonoi.com\/wp-content\/uploads\/2021\/05\/51.-criterium-Europa-1-300x240.jpg 300w, https:\/\/www.milanosiamonoi.com\/wp-content\/uploads\/2021\/05\/51.-criterium-Europa-1-100x80.jpg 100w, https:\/\/www.milanosiamonoi.com\/wp-content\/uploads\/2021\/05\/51.-criterium-Europa-1-50x40.jpg 50w, https:\/\/www.milanosiamonoi.com\/wp-content\/uploads\/2021\/05\/51.-criterium-Europa-1-25x20.jpg 25w, https:\/\/www.milanosiamonoi.com\/wp-content\/uploads\/2021\/05\/51.-criterium-Europa-1-740x592.jpg 740w\" sizes=\"(max-width: 552px) 100vw, 552px\" \/><figcaption><em>Parigi<\/em>, <em>10 marzo 1951. Cerimonia d&#8217;apertura del Criterium d&#8217;Europa: Bolla il portabandiera, dietro da sinistra Federici, Agazzi e Innocenti.<\/em><\/figcaption><\/figure><\/div>\n\n\n\n<div class=\"wp-block-image\"><figure class=\"aligncenter size-large is-resized\"><img loading=\"lazy\" decoding=\"async\" src=\"https:\/\/www.milanosiamonoi.com\/wp-content\/uploads\/2021\/04\/56.-cartolina-originale-Olimpiadi-1.jpg\" alt=\"\" class=\"wp-image-6591\" width=\"573\" height=\"399\" srcset=\"https:\/\/www.milanosiamonoi.com\/wp-content\/uploads\/2021\/04\/56.-cartolina-originale-Olimpiadi-1.jpg 800w, https:\/\/www.milanosiamonoi.com\/wp-content\/uploads\/2021\/04\/56.-cartolina-originale-Olimpiadi-1-300x209.jpg 300w, https:\/\/www.milanosiamonoi.com\/wp-content\/uploads\/2021\/04\/56.-cartolina-originale-Olimpiadi-1-768x536.jpg 768w, https:\/\/www.milanosiamonoi.com\/wp-content\/uploads\/2021\/04\/56.-cartolina-originale-Olimpiadi-1-100x70.jpg 100w, https:\/\/www.milanosiamonoi.com\/wp-content\/uploads\/2021\/04\/56.-cartolina-originale-Olimpiadi-1-50x35.jpg 50w, https:\/\/www.milanosiamonoi.com\/wp-content\/uploads\/2021\/04\/56.-cartolina-originale-Olimpiadi-1-25x17.jpg 25w, https:\/\/www.milanosiamonoi.com\/wp-content\/uploads\/2021\/04\/56.-cartolina-originale-Olimpiadi-1-740x516.jpg 740w\" sizes=\"(max-width: 573px) 100vw, 573px\" \/><\/figure><\/div>\n\n\n\n<p class=\"has-text-align-center\">Le squadre milanesi, prese a braccetto dai due club calcistici cittadini, collezionano sette scudetti e si aggiudicano per tre volte il torneo a inviti pi\u00f9 importante d&#8217;Europa, quello che a Davos assegna la coppa Spengler.<\/p>\n\n\n\n<div class=\"wp-block-image\"><figure class=\"aligncenter size-large is-resized\"><img loading=\"lazy\" decoding=\"async\" src=\"https:\/\/www.milanosiamonoi.com\/wp-content\/uploads\/2021\/05\/50.12.drn_.spengler.jpg\" alt=\"\" class=\"wp-image-6707\" width=\"562\" height=\"319\" srcset=\"https:\/\/www.milanosiamonoi.com\/wp-content\/uploads\/2021\/05\/50.12.drn_.spengler.jpg 800w, https:\/\/www.milanosiamonoi.com\/wp-content\/uploads\/2021\/05\/50.12.drn_.spengler-300x171.jpg 300w, https:\/\/www.milanosiamonoi.com\/wp-content\/uploads\/2021\/05\/50.12.drn_.spengler-768x437.jpg 768w, https:\/\/www.milanosiamonoi.com\/wp-content\/uploads\/2021\/05\/50.12.drn_.spengler-100x57.jpg 100w, https:\/\/www.milanosiamonoi.com\/wp-content\/uploads\/2021\/05\/50.12.drn_.spengler-50x28.jpg 50w, https:\/\/www.milanosiamonoi.com\/wp-content\/uploads\/2021\/05\/50.12.drn_.spengler-25x14.jpg 25w, https:\/\/www.milanosiamonoi.com\/wp-content\/uploads\/2021\/05\/50.12.drn_.spengler-740x421.jpg 740w\" sizes=\"(max-width: 562px) 100vw, 562px\" \/><figcaption><em>31 dicembre 1950, terza Spengler dei Diavoli Rossoneri: da sinistra in piedi: Beaulne, Bedogni, Bestagini (ct), Martini, Federici, Domenico, Potucek, Rowse. Accosciati: Flores (dir,), Girard, Fresia, Mattavelli, Ott, Moos (pres.), Clerici (mass.) e Gerosa (dir.).<\/em><br><br><br><em> <\/em><\/figcaption><\/figure><\/div>\n\n\n\n<div class=\"wp-block-image\"><figure class=\"aligncenter size-large is-resized\"><img loading=\"lazy\" decoding=\"async\" src=\"https:\/\/www.milanosiamonoi.com\/wp-content\/uploads\/2021\/05\/53.12.30-M-a-Davos-orig.-Cal-1-1-743x1024.jpg\" alt=\"\" class=\"wp-image-6729\" width=\"435\" height=\"600\"\/><figcaption><em>Davos, 30 dicembre 1953: Milano Inter in posa con la coppa Spengler, in primo piano Bolla e Agazzi. <\/em><\/figcaption><\/figure><\/div>\n\n\n\n<div class=\"wp-block-image\"><figure class=\"aligncenter size-large\"><img loading=\"lazy\" decoding=\"async\" width=\"566\" height=\"381\" src=\"https:\/\/www.milanosiamonoi.com\/wp-content\/uploads\/2021\/05\/50.nacka_.nordahl-1.jpg\" alt=\"\" class=\"wp-image-6607\" srcset=\"https:\/\/www.milanosiamonoi.com\/wp-content\/uploads\/2021\/05\/50.nacka_.nordahl-1.jpg 566w, https:\/\/www.milanosiamonoi.com\/wp-content\/uploads\/2021\/05\/50.nacka_.nordahl-1-300x202.jpg 300w, https:\/\/www.milanosiamonoi.com\/wp-content\/uploads\/2021\/05\/50.nacka_.nordahl-1-100x67.jpg 100w, https:\/\/www.milanosiamonoi.com\/wp-content\/uploads\/2021\/05\/50.nacka_.nordahl-1-50x34.jpg 50w, https:\/\/www.milanosiamonoi.com\/wp-content\/uploads\/2021\/05\/50.nacka_.nordahl-1-25x17.jpg 25w\" sizes=\"(max-width: 566px) 100vw, 566px\" \/><figcaption><em>Da sinistra: Nacka Skoglund (Inter) e Gunnar Nordhal (Milan) in versione hockeistica, a testimoniare il sostegno dei due club di calcio al disco su ghiaccio<\/em> <em>milanese.<\/em><\/figcaption><\/figure><\/div>\n\n\n\n<p class=\"has-text-align-center\">Lo fanno scegliendo due strade diverse. I Diavoli Rossoneri privilegiano l&#8217;innesto di giocatori stranieri e mirano a tornei ed esibizioni all&#8217;estero. Anche il Milano ingaggia ottimi stranieri, ma arricchisce la sua rosa puntando sui giovani pi\u00f9 promettenti del settore giovanile di Amatori e Bocconi. La scelta si riveler\u00e0 azzeccata e nel giro di qualche anno nascer\u00e0 una linea offensiva che far\u00e0 la storia del nostro hockey: la leggendaria Piranesi\/ABC composta da Giancarlo Agazzi, Tino Crotti e Giampiero Branduardi.<\/p>\n\n\n\n<div class=\"wp-block-image\"><figure class=\"aligncenter size-large is-resized\"><img loading=\"lazy\" decoding=\"async\" src=\"https:\/\/www.milanosiamonoi.com\/wp-content\/uploads\/2021\/05\/ABC.jpg\" alt=\"\" class=\"wp-image-6688\" width=\"439\" height=\"489\" srcset=\"https:\/\/www.milanosiamonoi.com\/wp-content\/uploads\/2021\/05\/ABC.jpg 451w, https:\/\/www.milanosiamonoi.com\/wp-content\/uploads\/2021\/05\/ABC-270x300.jpg 270w, https:\/\/www.milanosiamonoi.com\/wp-content\/uploads\/2021\/05\/ABC-90x100.jpg 90w, https:\/\/www.milanosiamonoi.com\/wp-content\/uploads\/2021\/05\/ABC-45x50.jpg 45w, https:\/\/www.milanosiamonoi.com\/wp-content\/uploads\/2021\/05\/ABC-22x25.jpg 22w\" sizes=\"(max-width: 439px) 100vw, 439px\" \/><figcaption><em>La linea Piranesi: Agazzi, Branduardi e Crotti.<\/em><\/figcaption><\/figure><\/div>\n\n\n\n<p class=\"has-text-align-center\">Tutto a gonfie vele fino al 1956, quando, dopo il Milan che lascia l&#8217;hockey nel 1954, anche l&#8217;Inter chiude ogni sovvenzione pro HC Milano. I costi stagionali troppo alti, la carenza di impianti artificiali con la conseguente scarsit\u00e0 di squadre in grado di partecipare al campionato nazionale (cosa che al contrario sta avvenendo negli altri paesi) e il decrescente interesse per le amichevoli internazionali, presentano un conto troppo alto da saldare. Solo l&#8217;intervento del presidente FISG Remo Vigorelli favorir\u00e0 l&#8217;aiuto esterno di Angelo Moratti e Andrea Rizzoli, i patron di Inter e Milan promuoveranno una sottoscrizione per costituire il Milaninter HC erede della tradizione hockeistica cittadina che, con l&#8217;ennesima chiusura del portafoglio dei facoltosi calciofili, nel giro di due anni muter\u00e0 la denominazione in Diavoli HC Milano. <\/p>\n\n\n\n<div class=\"wp-block-image\"><figure class=\"aligncenter size-large\"><img loading=\"lazy\" decoding=\"async\" width=\"530\" height=\"340\" src=\"https:\/\/www.milanosiamonoi.com\/wp-content\/uploads\/2021\/05\/56.11.16-Milaninter-Coppa-Pavoni.jpg\" alt=\"\" class=\"wp-image-6661\" srcset=\"https:\/\/www.milanosiamonoi.com\/wp-content\/uploads\/2021\/05\/56.11.16-Milaninter-Coppa-Pavoni.jpg 530w, https:\/\/www.milanosiamonoi.com\/wp-content\/uploads\/2021\/05\/56.11.16-Milaninter-Coppa-Pavoni-300x192.jpg 300w, https:\/\/www.milanosiamonoi.com\/wp-content\/uploads\/2021\/05\/56.11.16-Milaninter-Coppa-Pavoni-100x64.jpg 100w, https:\/\/www.milanosiamonoi.com\/wp-content\/uploads\/2021\/05\/56.11.16-Milaninter-Coppa-Pavoni-50x32.jpg 50w, https:\/\/www.milanosiamonoi.com\/wp-content\/uploads\/2021\/05\/56.11.16-Milaninter-Coppa-Pavoni-25x16.jpg 25w\" sizes=\"(max-width: 530px) 100vw, 530px\" \/><figcaption><em>Milaninter HC alla Coppa Pavoni del 1956; da sinistra in piedi: Tucci, Delfino, Branduardi, Guccione, GF Da Rin, Federici, Bedogni, F. Macchietto. Accosciati; Poeta, Crotti, Coletti, Bolla, Bucchetti e G. Oberhammer.<\/em> <em>In rossonerazzurro anche rinforzi cortinesi.<\/em><\/figcaption><\/figure><\/div>\n\n\n\n<div class=\"wp-block-image\"><figure class=\"aligncenter size-large is-resized\"><img loading=\"lazy\" decoding=\"async\" src=\"https:\/\/www.milanosiamonoi.com\/wp-content\/uploads\/2021\/05\/58.12.31-DM-a-Davos.jpg\" alt=\"\" class=\"wp-image-6662\" width=\"564\" height=\"397\" srcset=\"https:\/\/www.milanosiamonoi.com\/wp-content\/uploads\/2021\/05\/58.12.31-DM-a-Davos.jpg 960w, https:\/\/www.milanosiamonoi.com\/wp-content\/uploads\/2021\/05\/58.12.31-DM-a-Davos-300x211.jpg 300w, https:\/\/www.milanosiamonoi.com\/wp-content\/uploads\/2021\/05\/58.12.31-DM-a-Davos-768x541.jpg 768w, https:\/\/www.milanosiamonoi.com\/wp-content\/uploads\/2021\/05\/58.12.31-DM-a-Davos-100x70.jpg 100w, https:\/\/www.milanosiamonoi.com\/wp-content\/uploads\/2021\/05\/58.12.31-DM-a-Davos-50x35.jpg 50w, https:\/\/www.milanosiamonoi.com\/wp-content\/uploads\/2021\/05\/58.12.31-DM-a-Davos-25x18.jpg 25w, https:\/\/www.milanosiamonoi.com\/wp-content\/uploads\/2021\/05\/58.12.31-DM-a-Davos-740x521.jpg 740w\" sizes=\"(max-width: 564px) 100vw, 564px\" \/><figcaption><em>I Diavoli alla Spengler del 1958; da sinistra in piedi: Coletti, Bedogni, Branduardi, Andrea Lusena, Guccione, Agazzi, Loffredo, Watson. Accosciati: Paracchini, Ceserani, Bolla, Nardi, Rabanser, Crotti<\/em><\/figcaption><\/figure><\/div>\n\n\n\n<p class=\"has-text-align-center\">Quello che suona alla fine della decade \u00e8 un serio campanello d&#8217;allarme, soltanto la passione di pochi e sinceri appassionati permetter\u00e0 di allestire una squadra ancora competitiva, ma inevitabilmente costretta a fare i conti con l&#8217;emergente Cortina, sempre pi\u00f9 agguerrito e sempre pi\u00f9 affamato di vittorie.  <\/p>\n\n\n\n<figure class=\"wp-block-table\"><table><tbody><tr><td><strong>Anno<\/strong><\/td><td class=\"has-text-align-right\" data-align=\"right\"><strong>Campionato<\/strong><\/td><td class=\"has-text-align-right\" data-align=\"right\"><strong>Spengler Cup<\/strong><\/td><\/tr><tr><td><strong><a href=\"https:\/\/www.milanosiamonoi.com\/index.php\/campionati\/dal-1950-al-1959-anni-doro\/1949-1950\/\">1949-50 HCM<\/a><\/strong><\/td><td class=\"has-text-align-right\" data-align=\"right\">Campione d&#8217;Italia<\/td><td class=\"has-text-align-right\" data-align=\"right\">nd<\/td><\/tr><tr><td><strong><a href=\"https:\/\/www.milanosiamonoi.com\/index.php\/campionati\/dal-1950-al-1959-anni-doro\/1949-1950-drn\/\">1949-50 DRN<\/a><\/strong><\/td><td class=\"has-text-align-right\" data-align=\"right\">Girone qual.<\/td><td class=\"has-text-align-right\" data-align=\"right\">nd<\/td><\/tr><tr><td><strong><a href=\"https:\/\/www.milanosiamonoi.com\/index.php\/campionati\/dal-1950-al-1959-anni-doro\/1949-1950-amatori-mi-e-bocconi\/\">1949-50 Amatori\/Bocconi<\/a><\/strong><\/td><td class=\"has-text-align-right\" data-align=\"right\">2\u00b0<\/td><td class=\"has-text-align-right\" data-align=\"right\">nd<\/td><\/tr><tr><td><strong><a href=\"https:\/\/www.milanosiamonoi.com\/index.php\/campionati\/dal-1950-al-1959-anni-doro\/1950-1951\/\">1950-51 HCM<\/a><\/strong><\/td><td class=\"has-text-align-right\" data-align=\"right\">Campione d&#8217;Italia<\/td><td class=\"has-text-align-right\" data-align=\"right\">nd<\/td><\/tr><tr><td><strong><a href=\"https:\/\/www.milanosiamonoi.com\/index.php\/campionati\/dal-1950-al-1959-anni-doro\/1950-1951-drn\/\">1950-51 DRN<\/a><\/strong><\/td><td class=\"has-text-align-right\" data-align=\"right\">Girone qual.<\/td><td class=\"has-text-align-right\" data-align=\"right\">1\u00b0<\/td><\/tr><tr><td><strong><a href=\"https:\/\/www.milanosiamonoi.com\/index.php\/campionati\/dal-1950-al-1959-anni-doro\/1950-1951-amatori-mi-e-bocconi\/\">1950-51 Amatori\/Bocconi<\/a><\/strong><\/td><td class=\"has-text-align-right\" data-align=\"right\">Girone qual.<\/td><td class=\"has-text-align-right\" data-align=\"right\">nd<\/td><\/tr><tr><td><strong><a href=\"https:\/\/www.milanosiamonoi.com\/index.php\/campionati\/dal-1950-al-1959-anni-doro\/1951-1952\/\" data-type=\"page\" data-id=\"7554\">1951-52 HCM<\/a><\/strong><\/td><td class=\"has-text-align-right\" data-align=\"right\">Campione d&#8217;Italia<\/td><td class=\"has-text-align-right\" data-align=\"right\">nd<\/td><\/tr><tr><td><strong><a href=\"https:\/\/www.milanosiamonoi.com\/index.php\/campionati\/dal-1950-al-1959-anni-doro\/1951-1952-drn\/\" data-type=\"page\" data-id=\"7737\">1951-52 DRN<\/a><\/strong><\/td><td class=\"has-text-align-right\" data-align=\"right\">2\u00b0<\/td><td class=\"has-text-align-right\" data-align=\"right\">5\u00b0<\/td><\/tr><tr><td><strong><a href=\"https:\/\/www.milanosiamonoi.com\/index.php\/campionati\/dal-1950-al-1959-anni-doro\/1951-1952-amatori-mi-e-bocconi\/\" data-type=\"page\" data-id=\"7952\">1951-52 Amatori\/Bocconi<\/a><\/strong><\/td><td class=\"has-text-align-right\" data-align=\"right\">Serie B<\/td><td class=\"has-text-align-right\" data-align=\"right\">nd<\/td><\/tr><tr><td><strong><a href=\"https:\/\/www.milanosiamonoi.com\/index.php\/campionati\/dal-1950-al-1959-anni-doro\/1952-1953\/\">1952-53 HCM<\/a><\/strong><\/td><td class=\"has-text-align-right\" data-align=\"right\">2\u00b0<\/td><td class=\"has-text-align-right\" data-align=\"right\">nd<\/td><\/tr><tr><td><strong><a href=\"https:\/\/www.milanosiamonoi.com\/index.php\/campionati\/dal-1950-al-1959-anni-doro\/1952-1953-drn\/\">1952-53 DRN<\/a><\/strong><\/td><td class=\"has-text-align-right\" data-align=\"right\">Campione d&#8217;Italia<\/td><td class=\"has-text-align-right\" data-align=\"right\">5\u00b0<\/td><\/tr><tr><td><strong><a href=\"https:\/\/www.milanosiamonoi.com\/index.php\/campionati\/dal-1950-al-1959-anni-doro\/1952-1953-amatori-mi-e-bocconi\/\">1952-53 Amatori\/Bocconi<\/a><\/strong><\/td><td class=\"has-text-align-right\" data-align=\"right\">Serie B<\/td><td class=\"has-text-align-right\" data-align=\"right\">nd<\/td><\/tr><tr><td><strong><a href=\"https:\/\/www.milanosiamonoi.com\/index.php\/campionati\/dal-1950-al-1959-anni-doro\/1953-1954\/\">1953-54 HCM<\/a><\/strong><\/td><td class=\"has-text-align-right\" data-align=\"right\">Campione d&#8217;Italia<\/td><td class=\"has-text-align-right\" data-align=\"right\">1\u00b0<\/td><\/tr><tr><td><strong><a href=\"https:\/\/www.milanosiamonoi.com\/index.php\/campionati\/dal-1950-al-1959-anni-doro\/1953-1954-drn\/\">1953-54 DRN<\/a><\/strong><\/td><td class=\"has-text-align-right\" data-align=\"right\">3\u00b0<\/td><td class=\"has-text-align-right\" data-align=\"right\">nd<\/td><\/tr><tr><td><strong><a href=\"https:\/\/www.milanosiamonoi.com\/index.php\/campionati\/dal-1950-al-1959-anni-doro\/1953-1954-amatori-mi-e-bocconi\/\">1953-54 Amatori\/Bocconi<\/a><\/strong><\/td><td class=\"has-text-align-right\" data-align=\"right\">Serie B<\/td><td class=\"has-text-align-right\" data-align=\"right\">nd<\/td><\/tr><tr><td><a href=\"https:\/\/www.milanosiamonoi.com\/index.php\/campionati\/dal-1950-al-1959-anni-doro\/1954-1955\/\"><strong>1954-55 HCM<\/strong><\/a><\/td><td class=\"has-text-align-right\" data-align=\"right\">Campione d&#8217;Italia<\/td><td class=\"has-text-align-right\" data-align=\"right\">1\u00b0<\/td><\/tr><tr><td><strong><a href=\"https:\/\/www.milanosiamonoi.com\/index.php\/campionati\/dal-1950-al-1959-anni-doro\/1954-1955-drn\/\">1954-55 DRN<\/a><\/strong><\/td><td class=\"has-text-align-right\" data-align=\"right\">7\u00b0<\/td><td class=\"has-text-align-right\" data-align=\"right\">nd<\/td><\/tr><tr><td><strong><a href=\"https:\/\/www.milanosiamonoi.com\/index.php\/campionati\/dal-1950-al-1959-anni-doro\/1954-1955-amatori-mi-e-bocconi\/\">1954-55 Amatori\/Bocconi<\/a><\/strong><\/td><td class=\"has-text-align-right\" data-align=\"right\">Serie B-Promozione<\/td><td class=\"has-text-align-right\" data-align=\"right\">nd<\/td><\/tr><tr><td><strong><a href=\"https:\/\/www.milanosiamonoi.com\/index.php\/campionati\/dal-1950-al-1959-anni-doro\/1955-1956\/\">1955-56 HCM<\/a><\/strong><\/td><td class=\"has-text-align-right\" data-align=\"right\">nd<\/td><td class=\"has-text-align-right\" data-align=\"right\">4\u00b0<\/td><\/tr><tr><td><a href=\"https:\/\/www.milanosiamonoi.com\/index.php\/campionati\/dal-1950-al-1959-anni-doro\/1955-1956-amatori-mi-e-bocconi\/\"><strong>1955-56 Amatori\/Bocconi<\/strong><\/a><\/td><td class=\"has-text-align-right\" data-align=\"right\">Serie B-Promozione<\/td><td class=\"has-text-align-right\" data-align=\"right\">nd<\/td><\/tr><tr><td><strong><a href=\"https:\/\/www.milanosiamonoi.com\/index.php\/campionati\/dal-1950-al-1959-anni-doro\/1956-olimpiadi-cortina\/\">1956 Italia<\/a><\/strong><\/td><td class=\"has-text-align-right\" data-align=\"right\">Olimpiadi<\/td><td class=\"has-text-align-right\" data-align=\"right\">7\u00b0<\/td><\/tr><tr><td><strong><a href=\"https:\/\/www.milanosiamonoi.com\/index.php\/campionati\/dal-1950-al-1959-anni-doro\/1956-1957-milaninter-hc\/\">1956-57 Hc Milan Inter<\/a><\/strong><\/td><td class=\"has-text-align-right\" data-align=\"right\">2\u00b0 <\/td><td class=\"has-text-align-right\" data-align=\"right\">nd<\/td><\/tr><tr><td><strong><a href=\"https:\/\/www.milanosiamonoi.com\/index.php\/campionati\/dal-1950-al-1959-anni-doro\/1956-1957-amatori-mi-e-bocconi\/\">1956-57 Amatori\/Bocconi <\/a><\/strong><\/td><td class=\"has-text-align-right\" data-align=\"right\">Serie B-Promozione<\/td><td class=\"has-text-align-right\" data-align=\"right\">nd<\/td><\/tr><tr><td><strong><a href=\"https:\/\/www.milanosiamonoi.com\/index.php\/campionati\/dal-1950-al-1959-anni-doro\/1957-1958-milaninter-hc\/\">1957-58 Hc Milan Inter<\/a><\/strong><\/td><td class=\"has-text-align-right\" data-align=\"right\">1\u00b0<\/td><td class=\"has-text-align-right\" data-align=\"right\">3\u00b0<\/td><\/tr><tr><td><a href=\"https:\/\/www.milanosiamonoi.com\/index.php\/campionati\/dal-1950-al-1959-anni-doro\/1957-1958-amatori-mi-e-bocconi\/\"><strong>1957-58 Amatori\/Bocconi<\/strong><\/a><\/td><td class=\"has-text-align-right\" data-align=\"right\">Serie B-Promozione<\/td><td class=\"has-text-align-right\" data-align=\"right\">nd<\/td><\/tr><tr><td><a href=\"https:\/\/www.milanosiamonoi.com\/index.php\/1958-1959-diavoli-hc-milano\/\"><strong>1958-59 Diavoli Hc Milano<\/strong><\/a><\/td><td class=\"has-text-align-right\" data-align=\"right\">2\u00b0<\/td><td class=\"has-text-align-right\" data-align=\"right\">2\u00b0<\/td><\/tr><tr><td><strong><a href=\"https:\/\/www.milanosiamonoi.com\/index.php\/campionati\/dal-1950-al-1959-anni-doro\/1958-1959-amatori-mi-bocconi-e-allievi\/\">1958-59 Amatori\/Bocconi<\/a><\/strong><\/td><td class=\"has-text-align-right\" data-align=\"right\">Serie B-Promozione<\/td><td class=\"has-text-align-right\" data-align=\"right\">nd<\/td><\/tr><\/tbody><\/table><\/figure>\n\n\n\n<p><\/p>\n","protected":false},"excerpt":{"rendered":"<p>Quella degli anni Cinquanta, per successi e giocatori di valore sfoderati, rappresenta la decade d&#8217;oro dell&#8217;hockey su ghiaccio milanese. In chiave Nazionale il tutto viene&#8230;<\/p>\n","protected":false},"author":1,"featured_media":0,"parent":138,"menu_order":4,"comment_status":"closed","ping_status":"closed","template":"","meta":{"spay_email":"","footnotes":""},"_links":{"self":[{"href":"https:\/\/www.milanosiamonoi.com\/index.php\/wp-json\/wp\/v2\/pages\/1469"}],"collection":[{"href":"https:\/\/www.milanosiamonoi.com\/index.php\/wp-json\/wp\/v2\/pages"}],"about":[{"href":"https:\/\/www.milanosiamonoi.com\/index.php\/wp-json\/wp\/v2\/types\/page"}],"author":[{"embeddable":true,"href":"https:\/\/www.milanosiamonoi.com\/index.php\/wp-json\/wp\/v2\/users\/1"}],"replies":[{"embeddable":true,"href":"https:\/\/www.milanosiamonoi.com\/index.php\/wp-json\/wp\/v2\/comments?post=1469"}],"version-history":[{"count":77,"href":"https:\/\/www.milanosiamonoi.com\/index.php\/wp-json\/wp\/v2\/pages\/1469\/revisions"}],"predecessor-version":[{"id":12790,"href":"https:\/\/www.milanosiamonoi.com\/index.php\/wp-json\/wp\/v2\/pages\/1469\/revisions\/12790"}],"up":[{"embeddable":true,"href":"https:\/\/www.milanosiamonoi.com\/index.php\/wp-json\/wp\/v2\/pages\/138"}],"wp:attachment":[{"href":"https:\/\/www.milanosiamonoi.com\/index.php\/wp-json\/wp\/v2\/media?parent=1469"}],"curies":[{"name":"wp","href":"https:\/\/api.w.org\/{rel}","templated":true}]}}