{"id":1462,"date":"2020-09-06T15:32:34","date_gmt":"2020-09-06T15:32:34","guid":{"rendered":"http:\/\/milanosiamonoi.com\/?page_id=1462"},"modified":"2021-03-11T17:01:31","modified_gmt":"2021-03-11T17:01:31","slug":"dal-1924-al-1929-le-origini","status":"publish","type":"page","link":"https:\/\/www.milanosiamonoi.com\/index.php\/campionati\/dal-1924-al-1929-le-origini\/","title":{"rendered":"Dal 1924 al 1929: le origini"},"content":{"rendered":"\n<h4 class=\"has-text-align-center wp-block-heading\"><strong><em>&#8220;Con sede presso il Palazzo del ghiaccio si \u00e8 costituito l&#8217;Hockey Club Milano con lo scopo di propagandare la conoscenza del nuovo sport e indire manifestazioni e gare&#8230;&#8221;<\/em><\/strong><\/h4>\n\n\n\n<div class=\"wp-block-image\"><figure class=\"aligncenter size-large is-resized\"><img loading=\"lazy\" decoding=\"async\" src=\"https:\/\/www.milanosiamonoi.com\/wp-content\/uploads\/2020\/10\/24.03-Fondazione-HC-Milano-GdS-piccola.jpg\" alt=\"\" class=\"wp-image-1742\" width=\"376\" height=\"424\" srcset=\"https:\/\/www.milanosiamonoi.com\/wp-content\/uploads\/2020\/10\/24.03-Fondazione-HC-Milano-GdS-piccola.jpg 649w, https:\/\/www.milanosiamonoi.com\/wp-content\/uploads\/2020\/10\/24.03-Fondazione-HC-Milano-GdS-piccola-265x300.jpg 265w, https:\/\/www.milanosiamonoi.com\/wp-content\/uploads\/2020\/10\/24.03-Fondazione-HC-Milano-GdS-piccola-88x100.jpg 88w, https:\/\/www.milanosiamonoi.com\/wp-content\/uploads\/2020\/10\/24.03-Fondazione-HC-Milano-GdS-piccola-44x50.jpg 44w, https:\/\/www.milanosiamonoi.com\/wp-content\/uploads\/2020\/10\/24.03-Fondazione-HC-Milano-GdS-piccola-22x25.jpg 22w\" sizes=\"(max-width: 376px) 100vw, 376px\" \/><\/figure><\/div>\n\n\n\n<p class=\"has-text-align-center\">Il 10 marzo 1924 nasce l&#8217;Hockey Club Milano, i giornali ne danno notizia il 26 dello stesso mese e le due settimane di ritardo sono giustificate dall&#8217;attesa del benestare da parte dell&#8217;Ufficio sportivo del PNF, pronto nel respingere le richieste nel caso vi figurassero nominativi non graditi. L&#8217;Hockey Club nasce sul modello dei circoli sportivi britannici, tutti gli associati pagano una quota di iscrizione, compresi i giocatori. Il primo allenatore \u00e8 il nazionale francese di hockey e pattinaggio Leon Quaglia, sotto la sua guida si forma la squadra che, oltre a cimentarsi in partite internazionali come club, veste la maglia azzurra nelle competizioni organizzate dalla Lega Internazionale di Hockey su Ghiaccio.<\/p>\n\n\n\n<div class=\"wp-block-image\"><figure class=\"aligncenter size-large is-resized\"><img loading=\"lazy\" decoding=\"async\" src=\"https:\/\/www.milanosiamonoi.com\/wp-content\/uploads\/2020\/10\/26.01.12_Italia-a-Davos.jpg\" alt=\"\" class=\"wp-image-1936\" width=\"580\" height=\"329\" srcset=\"https:\/\/www.milanosiamonoi.com\/wp-content\/uploads\/2020\/10\/26.01.12_Italia-a-Davos.jpg 800w, https:\/\/www.milanosiamonoi.com\/wp-content\/uploads\/2020\/10\/26.01.12_Italia-a-Davos-300x171.jpg 300w, https:\/\/www.milanosiamonoi.com\/wp-content\/uploads\/2020\/10\/26.01.12_Italia-a-Davos-768x437.jpg 768w, https:\/\/www.milanosiamonoi.com\/wp-content\/uploads\/2020\/10\/26.01.12_Italia-a-Davos-100x57.jpg 100w, https:\/\/www.milanosiamonoi.com\/wp-content\/uploads\/2020\/10\/26.01.12_Italia-a-Davos-50x28.jpg 50w, https:\/\/www.milanosiamonoi.com\/wp-content\/uploads\/2020\/10\/26.01.12_Italia-a-Davos-25x14.jpg 25w, https:\/\/www.milanosiamonoi.com\/wp-content\/uploads\/2020\/10\/26.01.12_Italia-a-Davos-740x421.jpg 740w\" sizes=\"(max-width: 580px) 100vw, 580px\" \/><figcaption><em>Davos, Campionato d&#8217;Europa del 1926; da sinistra: Calcaterra, Paulon, Redaelli, E. Piazza, Gobbi, D. Trovati, G. Botturi e Urbano. Tranne Paulon, vicentino emigrato in Svizzera e giocatore del Wengen, gli azzurri sono tutti del Milano.<\/em><\/figcaption><\/figure><\/div>\n\n\n\n<p class=\"has-text-align-center\">Il primo trofeo ufficiale messo in palio al Palazzo del ghiaccio dell&#8217;allora via Ferrer \u00e8 la Coppa Cinzano, il Milano se lo aggiudica dopo aver sconfitto il Cortina tre volte, dal 1925 al 1927. La Federazione italiana di hockey su ghiaccio utilizzer\u00e0 questa manifestazione per assegnare retroattivamente i primi titoli di Campione d&#8217;Italia al Milano.<\/p>\n\n\n\n<p class=\"has-text-align-center\">Gli alti costi di gestione dell&#8217;impianto portano nel 1927 a un&#8217;apertura ritardata e nel 1928 addirittura a una serrata lunga un anno. Per proseguire l&#8217;attivit\u00e0 il Milano \u00e8 costretto a emigrare in Svizzera dove, in attesa di tempi migliori, gioca amichevoli e tornei minori. La pista milanese rivede il ghiaccio il 23 novembre del 1928, decisivo il coinvolgimento dei massimi gerarchi  locali, ma determinante il ruolo del conte Alberto Bonacossa che convince i politici della necessit\u00e0 di riavere in funzione un impianto grandemente invidiato da tutto il mondo per esclusivit\u00e0 e bellezza, senza dimenticare che ci si trova in un momento in cui si esortano gli italiani a praticare ogni tipo di sport. Alla ripresa degli allenamenti giunge dal Canada Francesco &#8220;Frank&#8221; Roncarelli, bolognese hockeisticamente cresciuto a Montreal e gi\u00e0 a Milano nel marzo del 1927. Sar\u00e0 lui a forgiare vecchi e nuovi giocatori, ottenendo un notevole salto di qualit\u00e0, sia tecnico che tattico: se Leon Quaglia era stato il primo maestro dei ragazzi di Porta Vittoria, il &#8220;Ronca&#8221; \u00e8 senza ombra di dubbio il loro professore.<\/p>\n\n\n\n<div class=\"wp-block-image\"><figure class=\"aligncenter size-large is-resized\"><img loading=\"lazy\" decoding=\"async\" src=\"https:\/\/www.milanosiamonoi.com\/wp-content\/uploads\/2020\/10\/28.12.29-M-e-OU-orig.jpg\" alt=\"\" class=\"wp-image-1890\" width=\"578\" height=\"328\" srcset=\"https:\/\/www.milanosiamonoi.com\/wp-content\/uploads\/2020\/10\/28.12.29-M-e-OU-orig.jpg 800w, https:\/\/www.milanosiamonoi.com\/wp-content\/uploads\/2020\/10\/28.12.29-M-e-OU-orig-300x171.jpg 300w, https:\/\/www.milanosiamonoi.com\/wp-content\/uploads\/2020\/10\/28.12.29-M-e-OU-orig-768x437.jpg 768w, https:\/\/www.milanosiamonoi.com\/wp-content\/uploads\/2020\/10\/28.12.29-M-e-OU-orig-100x57.jpg 100w, https:\/\/www.milanosiamonoi.com\/wp-content\/uploads\/2020\/10\/28.12.29-M-e-OU-orig-50x28.jpg 50w, https:\/\/www.milanosiamonoi.com\/wp-content\/uploads\/2020\/10\/28.12.29-M-e-OU-orig-25x14.jpg 25w, https:\/\/www.milanosiamonoi.com\/wp-content\/uploads\/2020\/10\/28.12.29-M-e-OU-orig-740x421.jpg 740w\" sizes=\"(max-width: 578px) 100vw, 578px\" \/><figcaption>F<em>rank Roncarelli in azione a Davos nella Coppa Spengler.<\/em><\/figcaption><\/figure><\/div>\n\n\n\n<figure class=\"wp-block-table\"><table><tbody><tr><td><strong>Anno<\/strong><\/td><td class=\"has-text-align-right\" data-align=\"right\"><strong>Campionato<\/strong><\/td><td class=\"has-text-align-right\" data-align=\"right\"><strong>Spengler Cup<\/strong><\/td><\/tr><tr><td><strong><a href=\"https:\/\/www.milanosiamonoi.com\/index.php\/campionati\/dal-1924-al-1929-le-origini\/1924-25\/\" data-type=\"page\" data-id=\"1547\">1923-24<\/a><\/strong><\/td><td class=\"has-text-align-right\" data-align=\"right\">nd<\/td><td class=\"has-text-align-right\" data-align=\"right\">nd<\/td><\/tr><tr><td><strong><a href=\"https:\/\/www.milanosiamonoi.com\/index.php\/1924-1925\/\" data-type=\"page\" data-id=\"1819\">1924-25<\/a><\/strong><\/td><td class=\"has-text-align-right\" data-align=\"right\">Campione d&#8217;Italia<\/td><td class=\"has-text-align-right\" data-align=\"right\">ultimo posto<\/td><\/tr><tr><td><strong><a href=\"https:\/\/www.milanosiamonoi.com\/index.php\/1925-1926\/\" data-type=\"page\" data-id=\"1875\">1925-26<\/a><\/strong><\/td><td class=\"has-text-align-right\" data-align=\"right\">Campione d&#8217;Italia<\/td><td class=\"has-text-align-right\" data-align=\"right\">nd<\/td><\/tr><tr><td><strong><a href=\"https:\/\/www.milanosiamonoi.com\/index.php\/campionati\/dal-1924-al-1929-le-origini\/1926-27\/\" data-type=\"page\" data-id=\"1579\">1926-27<\/a><\/strong><\/td><td class=\"has-text-align-right\" data-align=\"right\">Campione d&#8217;Italia<\/td><td class=\"has-text-align-right\" data-align=\"right\">nd<\/td><\/tr><tr><td><strong><a href=\"https:\/\/www.milanosiamonoi.com\/index.php\/1927-1928\/\" data-type=\"page\" data-id=\"2041\">1927-28<\/a><\/strong><\/td><td class=\"has-text-align-right\" data-align=\"right\">nd<\/td><td class=\"has-text-align-right\" data-align=\"right\">nd<\/td><\/tr><tr><td><strong><a href=\"https:\/\/www.milanosiamonoi.com\/index.php\/1928-1929\/\" data-type=\"page\" data-id=\"2059\">1928-29<\/a><\/strong><\/td><td class=\"has-text-align-right\" data-align=\"right\">nd<\/td><td class=\"has-text-align-right\" data-align=\"right\">4\u00b0 posto<\/td><\/tr><\/tbody><\/table><\/figure>\n","protected":false},"excerpt":{"rendered":"<p>&#8220;Con sede presso il Palazzo del ghiaccio si \u00e8 costituito l&#8217;Hockey Club Milano con lo scopo di propagandare la conoscenza del nuovo sport e indire&#8230;<\/p>\n","protected":false},"author":1,"featured_media":0,"parent":138,"menu_order":0,"comment_status":"closed","ping_status":"closed","template":"","meta":{"spay_email":"","footnotes":""},"_links":{"self":[{"href":"https:\/\/www.milanosiamonoi.com\/index.php\/wp-json\/wp\/v2\/pages\/1462"}],"collection":[{"href":"https:\/\/www.milanosiamonoi.com\/index.php\/wp-json\/wp\/v2\/pages"}],"about":[{"href":"https:\/\/www.milanosiamonoi.com\/index.php\/wp-json\/wp\/v2\/types\/page"}],"author":[{"embeddable":true,"href":"https:\/\/www.milanosiamonoi.com\/index.php\/wp-json\/wp\/v2\/users\/1"}],"replies":[{"embeddable":true,"href":"https:\/\/www.milanosiamonoi.com\/index.php\/wp-json\/wp\/v2\/comments?post=1462"}],"version-history":[{"count":34,"href":"https:\/\/www.milanosiamonoi.com\/index.php\/wp-json\/wp\/v2\/pages\/1462\/revisions"}],"predecessor-version":[{"id":9427,"href":"https:\/\/www.milanosiamonoi.com\/index.php\/wp-json\/wp\/v2\/pages\/1462\/revisions\/9427"}],"up":[{"embeddable":true,"href":"https:\/\/www.milanosiamonoi.com\/index.php\/wp-json\/wp\/v2\/pages\/138"}],"wp:attachment":[{"href":"https:\/\/www.milanosiamonoi.com\/index.php\/wp-json\/wp\/v2\/media?parent=1462"}],"curies":[{"name":"wp","href":"https:\/\/api.w.org\/{rel}","templated":true}]}}